CRAN Package Check Results for Package liteq

Last updated on 2021-12-01 19:51:40 CET.

Flavor Version Tinstall Tcheck Ttotal Status Flags
r-devel-linux-x86_64-debian-clang 1.1.0 3.77 41.31 45.08 NOTE
r-devel-linux-x86_64-debian-gcc 1.1.0 3.33 32.13 35.46 NOTE
r-devel-linux-x86_64-fedora-clang 1.1.0 65.20 NOTE
r-devel-linux-x86_64-fedora-gcc 1.1.0 54.88 NOTE
r-devel-windows-x86_64-new-UL 1.1.0 12.00 87.00 99.00 NOTE
r-devel-windows-x86_64-new-TK 1.1.0 NOTE
r-devel-windows-x86_64-old 1.1.0 8.00 48.00 56.00 NOTE
r-patched-linux-x86_64 1.1.0 4.39 38.72 43.11 NOTE
r-patched-solaris-x86 1.1.0 81.50 NOTE
r-release-linux-x86_64 1.1.0 3.92 39.08 43.00 NOTE
r-release-macos-arm64 1.1.0 NOTE
r-release-macos-x86_64 1.1.0 NOTE
r-release-windows-ix86+x86_64 1.1.0 11.00 48.00 59.00 NOTE
r-oldrel-macos-x86_64 1.1.0 OK
r-oldrel-windows-ix86+x86_64 1.1.0 8.00 62.00 70.00 OK

Check Details

Version: 1.1.0
Check: LazyData
Result: NOTE
     'LazyData' is specified without a 'data' directory
Flavors: r-devel-linux-x86_64-debian-clang, r-devel-linux-x86_64-debian-gcc, r-devel-linux-x86_64-fedora-clang, r-devel-linux-x86_64-fedora-gcc, r-devel-windows-x86_64-new-UL, r-devel-windows-x86_64-new-TK, r-devel-windows-x86_64-old, r-patched-linux-x86_64, r-patched-solaris-x86, r-release-linux-x86_64, r-release-macos-arm64, r-release-macos-x86_64, r-release-windows-ix86+x86_64