CRAN Package Check Results for Package lmtp

Last updated on 2021-03-07 19:48:59 CET.

Flavor Version Tinstall Tcheck Ttotal Status Flags
r-devel-linux-x86_64-debian-clang 0.9.0 5.44 115.48 120.92 OK
r-devel-linux-x86_64-debian-gcc 0.9.0 4.37 85.90 90.27 OK
r-devel-linux-x86_64-fedora-clang 0.9.0 149.53 NOTE
r-devel-linux-x86_64-fedora-gcc 0.9.0 139.49 NOTE
r-devel-windows-ix86+x86_64 0.9.0 11.00 150.00 161.00 OK
r-devel-windows-x86_64-gcc10-UCRT 0.9.0 NOTE
r-patched-linux-x86_64 0.9.0 4.76 110.06 114.82 OK
r-patched-solaris-x86 0.9.0 295.00 NOTE
r-release-linux-x86_64 0.9.0 5.24 108.44 113.68 OK
r-release-macos-x86_64 0.9.0 NOTE
r-release-windows-ix86+x86_64 0.9.0 8.00 122.00 130.00 OK
r-oldrel-macos-x86_64 0.9.0 NOTE
r-oldrel-windows-ix86+x86_64 0.9.0 6.00 113.00 119.00 OK

Check Details

Version: 0.9.0
Check: dependencies in R code
Result: NOTE
    Namespaces in Imports field not imported from:
     ‘R6’ ‘nnls’ ‘utils’
     All declared Imports should be used.
Flavors: r-devel-linux-x86_64-fedora-clang, r-devel-linux-x86_64-fedora-gcc, r-devel-windows-x86_64-gcc10-UCRT, r-patched-solaris-x86, r-release-macos-x86_64, r-oldrel-macos-x86_64