CRAN Package Check Results for Package log

Last updated on 2024-02-27 19:54:42 CET.

Flavor Version Tinstall Tcheck Ttotal Status Flags
r-devel-linux-x86_64-debian-clang 1.1.1 4.66 28.23 32.89 OK
r-devel-linux-x86_64-debian-gcc 1.1.1 3.30 22.02 25.32 OK
r-devel-linux-x86_64-fedora-clang 1.1.1 41.24 NOTE
r-devel-linux-x86_64-fedora-gcc 1.1.1 39.36 NOTE
r-devel-windows-x86_64 1.1.1 4.00 46.00 50.00 OK
r-patched-linux-x86_64 1.1.1 3.74 27.86 31.60 OK
r-release-linux-x86_64 1.1.1 3.96 28.02 31.98 OK
r-release-macos-arm64 1.1.1 19.00 OK
r-release-macos-x86_64 1.1.1 24.00 OK
r-release-windows-x86_64 1.1.1 4.00 47.00 51.00 OK
r-oldrel-macos-arm64 1.1.1 19.00 OK
r-oldrel-windows-x86_64 1.1.1 6.00 49.00 55.00 OK

Check Details

Version: 1.1.1
Check: dependencies in R code
Result: NOTE Namespace in Imports field not imported from: ‘R6’ All declared Imports should be used. Flavors: r-devel-linux-x86_64-fedora-clang, r-devel-linux-x86_64-fedora-gcc