Last updated on 2023-03-31 20:50:17 CEST.
Flavor | Version | Tinstall | Tcheck | Ttotal | Status | Flags |
---|---|---|---|---|---|---|
r-devel-linux-x86_64-debian-clang | 0.2.2 | 3.22 | 58.86 | 62.08 | OK | |
r-devel-linux-x86_64-debian-gcc | 0.2.2 | 2.54 | 46.39 | 48.93 | OK | |
r-devel-linux-x86_64-fedora-clang | 0.2.2 | 78.56 | OK | |||
r-devel-linux-x86_64-fedora-gcc | 0.2.2 | 89.16 | OK | |||
r-devel-windows-x86_64 | 0.2.2 | 67.00 | 0.00 | 67.00 | NOTE | |
r-patched-linux-x86_64 | 0.2.2 | 4.64 | 57.06 | 61.70 | OK | |
r-release-linux-x86_64 | 0.2.2 | 3.12 | 56.65 | 59.77 | OK | |
r-release-macos-arm64 | 0.2.2 | 30.00 | OK | |||
r-release-macos-x86_64 | 0.2.2 | 43.00 | OK | |||
r-release-windows-x86_64 | 0.2.2 | 74.00 | 111.00 | 185.00 | NOTE | |
r-oldrel-macos-arm64 | 0.2.2 | 36.00 | OK | |||
r-oldrel-macos-x86_64 | 0.2.2 | 41.00 | OK | |||
r-oldrel-windows-ix86+x86_64 | 0.2.2 | 8.00 | 104.00 | 112.00 | NOTE |
Version: 0.2.2
Check: package dependencies
Result: NOTE
Package suggested but not available for checking: 'rsyslog'
Flavors: r-devel-windows-x86_64, r-release-windows-x86_64, r-oldrel-windows-ix86+x86_64
Version: 0.2.2
Check: dependencies in R code
Result: NOTE
Initiating curl with CURL_SSL_BACKEND: openssl
Flavor: r-oldrel-windows-ix86+x86_64
Version: 0.2.2
Check: Rd cross-references
Result: NOTE
Package unavailable to check Rd xrefs: 'rsyslog'
Flavor: r-oldrel-windows-ix86+x86_64