CRAN Package Check Results for Package logistf

Last updated on 2022-12-04 19:49:51 CET.

Flavor Version Tinstall Tcheck Ttotal Status Flags
r-devel-linux-x86_64-debian-clang 1.24.1 19.11 131.80 150.91 WARN
r-devel-linux-x86_64-debian-gcc 1.24.1 13.21 97.64 110.85 WARN
r-devel-linux-x86_64-fedora-clang 1.24.1 195.99 WARN
r-devel-linux-x86_64-fedora-gcc 1.24.1 203.41 WARN
r-devel-windows-x86_64 1.24.1 24.00 153.00 177.00 OK
r-patched-linux-x86_64 1.24.1 20.80 122.88 143.68 OK
r-release-linux-x86_64 1.24.1 11.53 122.37 133.90 OK
r-release-macos-arm64 1.24.1 43.00 OK
r-release-macos-x86_64 1.24.1 89.00 OK
r-release-windows-x86_64 1.24.1 37.00 160.00 197.00 OK
r-oldrel-macos-arm64 1.24.1 48.00 OK
r-oldrel-macos-x86_64 1.24.1 64.00 OK
r-oldrel-windows-ix86+x86_64 1.24.1 39.00 195.00 234.00 OK

Check Details

Version: 1.24.1
Check: whether package can be installed
Result: WARN
    Found the following significant warnings:
     ./veclib.h:316:15: warning: a function declaration without a prototype is deprecated in all versions of C [-Wstrict-prototypes]
Flavors: r-devel-linux-x86_64-debian-clang, r-devel-linux-x86_64-fedora-clang

Version: 1.24.1
Check: whether package can be installed
Result: WARN
    Found the following significant warnings:
     veclib.h:316:6: warning: function declaration isn’t a prototype [-Wstrict-prototypes]
Flavors: r-devel-linux-x86_64-debian-gcc, r-devel-linux-x86_64-fedora-gcc