CRAN Package Check Results for Package longevity

Last updated on 2024-04-15 21:54:39 CEST.

Flavor Version Tinstall Tcheck Ttotal Status Flags
r-devel-linux-x86_64-debian-clang 1.0.0 42.98 455.81 498.79 OK
r-devel-linux-x86_64-debian-gcc 1.0.0 34.63 260.87 295.50 OK
r-devel-linux-x86_64-fedora-clang 1.0.0 623.72 OK
r-devel-linux-x86_64-fedora-gcc 1.0.0 634.47 OK
r-prerel-macos-arm64 1.0.0 174.00 NOTE
r-prerel-windows-x86_64 1.0.0 36.00 282.00 318.00 OK
r-patched-linux-x86_64 1.0.0 45.77 460.86 506.63 OK
r-release-linux-x86_64 1.0.0 41.57 457.46 499.03 OK
r-release-macos-arm64 1.0.0 173.00 NOTE
r-release-macos-x86_64 1.0.0 519.00 NOTE
r-release-windows-x86_64 1.0.0 49.00 330.00 379.00 OK
r-oldrel-macos-arm64 1.0.0 180.00 NOTE
r-oldrel-windows-x86_64 1.0.0 47.00 311.00 358.00 OK

Check Details

Version: 1.0.0
Check: installed package size
Result: NOTE installed size is 6.3Mb sub-directories of 1Mb or more: data 4.0Mb libs 1.6Mb Flavors: r-prerel-macos-arm64, r-release-macos-arm64, r-release-macos-x86_64, r-oldrel-macos-arm64