Last updated on 2023-12-07 19:58:33 CET.
Flavor | Version | Tinstall | Tcheck | Ttotal | Status | Flags |
---|---|---|---|---|---|---|
r-devel-linux-x86_64-debian-clang | 1.0.24 | 9.75 | 95.95 | 105.70 | NOTE | |
r-devel-linux-x86_64-debian-gcc | 1.0.24 | 7.35 | 73.80 | 81.15 | NOTE | |
r-devel-linux-x86_64-fedora-clang | 1.0.24 | 133.11 | NOTE | |||
r-devel-linux-x86_64-fedora-gcc | 1.0.24 | 140.99 | NOTE | |||
r-devel-windows-x86_64 | 1.0.24 | 9.00 | 89.00 | 98.00 | NOTE | |
r-patched-linux-x86_64 | 1.0.24 | 7.59 | 94.68 | 102.27 | OK | |
r-release-linux-x86_64 | 1.0.24 | 7.05 | 93.43 | 100.48 | OK | |
r-release-macos-arm64 | 1.0.24 | 48.00 | OK | |||
r-release-macos-x86_64 | 1.0.24 | 75.00 | OK | |||
r-release-windows-x86_64 | 1.0.24 | 12.00 | 103.00 | 115.00 | OK | |
r-oldrel-macos-arm64 | 1.0.24 | 42.00 | OK | |||
r-oldrel-macos-x86_64 | 1.0.24 | 59.00 | OK | |||
r-oldrel-windows-x86_64 | 1.0.24 | 12.00 | 107.00 | 119.00 | OK |
Version: 1.0.24
Check: package namespace information
Result: NOTE
Found export directive that requires package ‘methods’:
‘exportMethods’
Remove all such namespace directives (if obsolete) or ensure that the
DESCRIPTION Depends or Imports field contains ‘methods’.
Flavors: r-devel-linux-x86_64-debian-clang, r-devel-linux-x86_64-debian-gcc, r-devel-linux-x86_64-fedora-clang, r-devel-linux-x86_64-fedora-gcc, r-devel-windows-x86_64