CRAN Package Check Results for Package lookupTable

Last updated on 2024-06-13 21:49:20 CEST.

Flavor Version Tinstall Tcheck Ttotal Status Flags
r-devel-linux-x86_64-debian-clang 0.1 5.26 47.40 52.66 NOTE
r-devel-linux-x86_64-debian-gcc 0.1 0.30 1.70 2.00 ERROR
r-devel-linux-x86_64-fedora-clang 0.1 66.97 NOTE
r-devel-linux-x86_64-fedora-gcc 0.1 62.39 NOTE
r-devel-windows-x86_64 0.1 6.00 55.00 61.00 NOTE
r-patched-linux-x86_64 0.1 4.23 44.64 48.87 NOTE
r-release-linux-x86_64 0.1 5.71 44.63 50.34 NOTE
r-release-macos-arm64 0.1 25.00 NOTE
r-release-macos-x86_64 0.1 38.00 NOTE
r-release-windows-x86_64 0.1 6.00 55.00 61.00 NOTE
r-oldrel-macos-arm64 0.1 24.00 NOTE
r-oldrel-macos-x86_64 0.1 34.00 NOTE
r-oldrel-windows-x86_64 0.1 7.00 60.00 67.00 NOTE

Check Details

Version: 0.1
Check: LazyData
Result: NOTE 'LazyData' is specified without a 'data' directory Flavors: r-devel-linux-x86_64-debian-clang, r-devel-linux-x86_64-fedora-clang, r-devel-linux-x86_64-fedora-gcc, r-devel-windows-x86_64, r-patched-linux-x86_64, r-release-linux-x86_64, r-release-macos-arm64, r-release-macos-x86_64, r-release-windows-x86_64, r-oldrel-macos-arm64, r-oldrel-macos-x86_64, r-oldrel-windows-x86_64

Version: 0.1
Check: package dependencies
Result: ERROR Package required but not available: ‘dplyr’ Package suggested but not available for checking: ‘testthat’ See section ‘The DESCRIPTION file’ in the ‘Writing R Extensions’ manual. Flavor: r-devel-linux-x86_64-debian-gcc