CRAN Package Check Results for Package loon.shiny

Last updated on 2024-06-21 21:52:00 CEST.

Flavor Version Tinstall Tcheck Ttotal Status Flags
r-devel-linux-x86_64-debian-clang 1.0.3 37.73 232.90 270.63 NOTE
r-devel-linux-x86_64-debian-gcc 1.0.3 21.54 165.02 186.56 NOTE
r-devel-linux-x86_64-fedora-clang 1.0.3 332.84 NOTE
r-devel-linux-x86_64-fedora-gcc 1.0.3 324.75 NOTE
r-devel-windows-x86_64 1.0.3 21.00 157.00 178.00 NOTE
r-patched-linux-x86_64 1.0.3 27.19 226.14 253.33 NOTE
r-release-linux-x86_64 1.0.3 20.30 224.38 244.68 NOTE
r-release-macos-arm64 1.0.3 174.00 NOTE
r-release-macos-x86_64 1.0.3 148.00 NOTE
r-release-windows-x86_64 1.0.3 23.00 156.00 179.00 NOTE
r-oldrel-macos-arm64 1.0.3 93.00 OK
r-oldrel-macos-x86_64 1.0.3 189.00 OK
r-oldrel-windows-x86_64 1.0.3 27.00 195.00 222.00 OK

Check Details

Version: 1.0.3
Check: Rd files
Result: NOTE checkRd: (-1) loon.shiny.Rd:93-102: Lost braces in \itemize; meant \describe ? checkRd: (-1) loon.shiny.Rd:95-96: Lost braces in \itemize; meant \describe ? checkRd: (-1) loon.shiny.Rd:97: Lost braces in \itemize; meant \describe ? checkRd: (-1) loon.shiny.Rd:98-100: Lost braces in \itemize; meant \describe ? checkRd: (-1) loon.shiny.Rd:103-108: Lost braces in \itemize; meant \describe ? checkRd: (-1) loon.shiny.Rd:105: Lost braces in \itemize; meant \describe ? checkRd: (-1) loon.shiny.Rd:106: Lost braces in \itemize; meant \describe ? Flavors: r-devel-linux-x86_64-debian-clang, r-devel-linux-x86_64-debian-gcc, r-devel-linux-x86_64-fedora-clang, r-devel-linux-x86_64-fedora-gcc, r-devel-windows-x86_64, r-patched-linux-x86_64, r-release-linux-x86_64, r-release-macos-arm64, r-release-macos-x86_64, r-release-windows-x86_64