Last updated on 2022-05-26 21:50:10 CEST.
Flavor | Version | Tinstall | Tcheck | Ttotal | Status | Flags |
---|---|---|---|---|---|---|
r-devel-linux-x86_64-debian-clang | 1.0-5 | 3.71 | 57.94 | 61.65 | NOTE | |
r-devel-linux-x86_64-debian-gcc | 1.0-5 | 2.60 | 48.69 | 51.29 | NOTE | |
r-devel-linux-x86_64-fedora-clang | 1.0-5 | 75.75 | NOTE | |||
r-devel-linux-x86_64-fedora-gcc | 1.0-5 | 64.52 | NOTE | |||
r-devel-windows-x86_64 | 1.0-5 | 41.00 | 99.00 | 140.00 | NOTE | |
r-patched-linux-x86_64 | 1.0-5 | 3.49 | 55.17 | 58.66 | NOTE | |
r-release-linux-x86_64 | 1.0-5 | 3.25 | 54.85 | 58.10 | NOTE | |
r-release-macos-arm64 | 1.0-5 | 25.00 | NOTE | |||
r-release-macos-x86_64 | 1.0-5 | 37.00 | NOTE | |||
r-release-windows-x86_64 | 1.0-5 | 34.00 | 99.00 | 133.00 | NOTE | |
r-oldrel-macos-arm64 | 1.0-5 | 29.00 | NOTE | |||
r-oldrel-macos-x86_64 | 1.0-5 | 54.00 | NOTE | |||
r-oldrel-windows-ix86+x86_64 | 1.0-5 | 8.00 | 78.00 | 86.00 | NOTE |
Version: 1.0-5
Check: LazyData
Result: NOTE
'LazyData' is specified without a 'data' directory
Flavors: r-devel-linux-x86_64-debian-clang, r-devel-linux-x86_64-debian-gcc, r-devel-linux-x86_64-fedora-clang, r-devel-linux-x86_64-fedora-gcc, r-devel-windows-x86_64, r-patched-linux-x86_64, r-release-linux-x86_64, r-release-macos-arm64, r-release-macos-x86_64, r-release-windows-x86_64, r-oldrel-macos-arm64, r-oldrel-macos-x86_64, r-oldrel-windows-ix86+x86_64