CRAN Package Check Results for Package lpme

Last updated on 2024-02-26 19:50:13 CET.

Flavor Version Tinstall Tcheck Ttotal Status Flags
r-devel-linux-x86_64-debian-clang 1.1.3 152.14 47.03 199.17 OK
r-devel-linux-x86_64-debian-gcc 1.1.3 128.40 35.20 163.60 OK
r-devel-linux-x86_64-fedora-clang 1.1.3 319.12 OK
r-devel-linux-x86_64-fedora-gcc 1.1.3 312.12 OK
r-devel-windows-x86_64 1.1.3 119.00 82.00 201.00 OK
r-patched-linux-x86_64 1.1.3 162.60 45.91 208.51 OK
r-release-linux-x86_64 1.1.3 142.45 46.17 188.62 OK
r-release-macos-arm64 1.1.3 65.00 NOTE
r-release-macos-x86_64 1.1.3 123.00 NOTE
r-release-windows-x86_64 1.1.3 156.00 87.00 243.00 OK
r-oldrel-macos-arm64 1.1.3 65.00 NOTE
r-oldrel-windows-x86_64 1.1.3 146.00 87.00 233.00 OK

Check Details

Version: 1.1.3
Check: installed package size
Result: NOTE installed size is 5.5Mb sub-directories of 1Mb or more: libs 5.3Mb Flavors: r-release-macos-arm64, r-release-macos-x86_64, r-oldrel-macos-arm64