CRAN Package Check Results for Package lsirm12pl

Last updated on 2024-03-04 19:54:16 CET.

Flavor Version Tinstall Tcheck Ttotal Status Flags
r-devel-linux-x86_64-debian-clang 1.3.1 701.50 356.89 1058.39 OK
r-devel-linux-x86_64-debian-gcc 1.3.1 589.94 279.54 869.48 OK
r-devel-linux-x86_64-fedora-clang 1.3.1 1665.25 OK
r-devel-linux-x86_64-fedora-gcc 1.3.1 1601.13 OK
r-devel-windows-x86_64 1.3.1 507.00 361.00 868.00 OK
r-patched-linux-x86_64 1.3.1 517.02 356.15 873.17 OK
r-release-linux-x86_64 1.3.1 535.74 351.23 886.97 OK
r-release-macos-arm64 1.3.1 287.00 NOTE
r-release-macos-x86_64 1.3.1 468.00 NOTE
r-release-windows-x86_64 1.3.1 684.00 431.00 1115.00 OK
r-oldrel-macos-arm64 1.3.1 270.00 NOTE
r-oldrel-windows-x86_64 1.3.1 656.00 409.00 1065.00 OK

Check Details

Version: 1.3.1
Check: installed package size
Result: NOTE installed size is 16.4Mb sub-directories of 1Mb or more: libs 15.7Mb Flavors: r-release-macos-arm64, r-release-macos-x86_64, r-oldrel-macos-arm64