CRAN Package Check Results for Package lsl

Last updated on 2022-01-28 19:51:00 CET.

Flavor Version Tinstall Tcheck Ttotal Status Flags
r-devel-linux-x86_64-debian-clang 0.5.6 8.76 77.05 85.81 NOTE
r-devel-linux-x86_64-debian-gcc 0.5.6 5.70 57.53 63.23 NOTE
r-devel-linux-x86_64-fedora-clang 0.5.6 102.34 NOTE
r-devel-linux-x86_64-fedora-gcc 0.5.6 88.08 NOTE
r-devel-windows-x86_64-new-UL 0.5.6 25.00 89.00 114.00 NOTE
r-devel-windows-x86_64-new-TK 0.5.6 NOTE
r-patched-linux-x86_64 0.5.6 6.96 66.48 73.44 NOTE
r-release-linux-x86_64 0.5.6 6.88 65.50 72.38 NOTE
r-release-macos-arm64 0.5.6 NOTE
r-release-macos-x86_64 0.5.6 NOTE
r-release-windows-ix86+x86_64 0.5.6 19.00 78.00 97.00 NOTE
r-oldrel-macos-x86_64 0.5.6 OK
r-oldrel-windows-ix86+x86_64 0.5.6 20.00 79.00 99.00 OK

Check Details

Version: 0.5.6
Check: LazyData
Result: NOTE
     'LazyData' is specified without a 'data' directory
Flavors: r-devel-linux-x86_64-debian-clang, r-devel-linux-x86_64-debian-gcc, r-devel-linux-x86_64-fedora-clang, r-devel-linux-x86_64-fedora-gcc, r-devel-windows-x86_64-new-UL, r-devel-windows-x86_64-new-TK, r-patched-linux-x86_64, r-release-linux-x86_64, r-release-macos-arm64, r-release-macos-x86_64, r-release-windows-ix86+x86_64