Last updated on 2023-01-28 19:52:19 CET.
Flavor | Version | Tinstall | Tcheck | Ttotal | Status | Flags |
---|---|---|---|---|---|---|
r-devel-linux-x86_64-debian-clang | 1.8 | 2.26 | 40.64 | 42.90 | OK | |
r-devel-linux-x86_64-debian-gcc | 1.8 | 2.06 | 31.32 | 33.38 | OK | |
r-devel-linux-x86_64-fedora-clang | 1.8 | 55.58 | OK | |||
r-devel-linux-x86_64-fedora-gcc | 1.8 | 63.64 | OK | |||
r-devel-windows-x86_64 | 1.8 | 12.00 | 70.00 | 82.00 | OK | |
r-patched-linux-x86_64 | 1.8 | 2.47 | 41.07 | 43.54 | OK | |
r-release-linux-x86_64 | 1.8 | 2.55 | 42.36 | 44.91 | OK | |
r-release-macos-arm64 | 1.8 | 26.00 | OK | |||
r-release-macos-x86_64 | 1.8 | 37.00 | OK | |||
r-release-windows-x86_64 | 1.8 | 15.00 | 77.00 | 92.00 | OK | |
r-oldrel-macos-arm64 | 1.8 | 21.00 | OK | |||
r-oldrel-macos-x86_64 | 1.8 | 40.00 | OK | |||
r-oldrel-windows-ix86+x86_64 | 1.8 | 6.00 | 85.00 | 91.00 | WARN |
Version: 1.8
Check: for unstated dependencies in ‘tests’
Result: WARN
Warning: unable to access index for repository https://bioconductor.org/packages/3.14/bioc/src/contrib:
cannot open URL 'https://bioconductor.org/packages/3.14/bioc/src/contrib/PACKAGES'
Warning: unable to access index for repository https://bioconductor.org/packages/3.14/data/annotation/src/contrib:
cannot open URL 'https://bioconductor.org/packages/3.14/data/annotation/src/contrib/PACKAGES'
Warning: unable to access index for repository https://bioconductor.org/packages/3.14/data/experiment/src/contrib:
cannot open URL 'https://bioconductor.org/packages/3.14/data/experiment/src/contrib/PACKAGES'
Flavor: r-oldrel-windows-ix86+x86_64