CRAN Package Check Results for Package ludic

Last updated on 2021-03-05 19:49:34 CET.

Flavor Version Tinstall Tcheck Ttotal Status Flags
r-devel-linux-x86_64-debian-clang 0.1.8 103.45 123.38 226.83 OK
r-devel-linux-x86_64-debian-gcc 0.1.8 65.88 92.69 158.57 OK
r-devel-linux-x86_64-fedora-clang 0.1.8 297.03 NOTE
r-devel-linux-x86_64-fedora-gcc 0.1.8 269.89 OK
r-devel-windows-ix86+x86_64 0.1.8 225.00 208.00 433.00 OK
r-patched-linux-x86_64 0.1.8 OK
r-patched-solaris-x86 0.1.8 321.30 OK
r-release-linux-x86_64 0.1.8 81.29 113.28 194.57 OK
r-release-macos-x86_64 0.1.8 NOTE
r-release-windows-ix86+x86_64 0.1.8 180.00 148.00 328.00 OK
r-oldrel-macos-x86_64 0.1.8 NOTE
r-oldrel-windows-ix86+x86_64 0.1.8 152.00 146.00 298.00 OK

Check Details

Version: 0.1.8
Check: installed package size
Result: NOTE
     installed size is 6.2Mb
     sub-directories of 1Mb or more:
     data 2.1Mb
     libs 4.0Mb
Flavors: r-devel-linux-x86_64-fedora-clang, r-release-macos-x86_64, r-oldrel-macos-x86_64