CRAN Package Check Results for Package luz

Last updated on 2021-12-08 19:51:37 CET.

Flavor Version Tinstall Tcheck Ttotal Status Flags
r-devel-linux-x86_64-debian-clang 0.2.0 9.79 51.29 61.08 OK
r-devel-linux-x86_64-debian-gcc 0.2.0 8.29 39.58 47.87 OK
r-devel-linux-x86_64-fedora-clang 0.2.0 77.34 NOTE
r-devel-linux-x86_64-fedora-gcc 0.2.0 65.50 NOTE
r-devel-windows-x86_64-new-UL 0.2.0 28.00 86.00 114.00 OK
r-devel-windows-x86_64-new-TK 0.2.0 NOTE
r-devel-windows-x86_64-old 0.2.0 17.00 49.00 66.00 OK
r-patched-linux-x86_64 0.2.0 13.61 49.23 62.84 OK
r-release-linux-x86_64 0.2.0 8.71 49.43 58.14 OK
r-release-macos-arm64 0.2.0 NOTE
r-release-macos-x86_64 0.2.0 NOTE
r-release-windows-ix86+x86_64 0.2.0 13.00 56.00 69.00 OK
r-oldrel-macos-x86_64 0.2.0 NOTE
r-oldrel-windows-ix86+x86_64 0.2.0 19.00 62.00 81.00 OK

Check Details

Version: 0.2.0
Check: dependencies in R code
Result: NOTE
    Namespaces in Imports field not imported from:
     ‘fs’ ‘progress’
     All declared Imports should be used.
Flavors: r-devel-linux-x86_64-fedora-clang, r-devel-linux-x86_64-fedora-gcc, r-devel-windows-x86_64-new-TK, r-release-macos-arm64, r-release-macos-x86_64, r-oldrel-macos-x86_64