CRAN Package Check Results for Package luzlogr

Last updated on 2021-11-28 19:48:56 CET.

Flavor Version Tinstall Tcheck Ttotal Status Flags
r-devel-linux-x86_64-debian-clang 0.2.0 NOTE
r-devel-linux-x86_64-debian-gcc 0.2.0 1.67 19.64 21.31 NOTE
r-devel-linux-x86_64-fedora-clang 0.2.0 43.81 NOTE
r-devel-linux-x86_64-fedora-gcc 0.2.0 33.91 NOTE
r-devel-windows-x86_64-new-UL 0.2.0 6.00 65.00 71.00 NOTE
r-devel-windows-x86_64-new-TK 0.2.0 NOTE
r-devel-windows-x86_64-old 0.2.0 3.00 43.00 46.00 NOTE
r-patched-linux-x86_64 0.2.0 1.98 23.17 25.15 NOTE
r-patched-solaris-x86 0.2.0 48.30 NOTE
r-release-linux-x86_64 0.2.0 1.90 23.33 25.23 NOTE
r-release-macos-arm64 0.2.0 NOTE
r-release-macos-x86_64 0.2.0 NOTE
r-release-windows-ix86+x86_64 0.2.0 5.00 31.00 36.00 NOTE
r-oldrel-macos-x86_64 0.2.0 OK
r-oldrel-windows-ix86+x86_64 0.2.0 4.00 40.00 44.00 OK

Check Details

Version: 0.2.0
Check: LazyData
Result: NOTE
     'LazyData' is specified without a 'data' directory
Flavors: r-devel-linux-x86_64-debian-clang, r-devel-linux-x86_64-debian-gcc, r-devel-linux-x86_64-fedora-clang, r-devel-linux-x86_64-fedora-gcc, r-devel-windows-x86_64-new-UL, r-devel-windows-x86_64-new-TK, r-devel-windows-x86_64-old, r-patched-linux-x86_64, r-patched-solaris-x86, r-release-linux-x86_64, r-release-macos-arm64, r-release-macos-x86_64, r-release-windows-ix86+x86_64

Version: 0.2.0
Check: for non-standard things in the check directory
Result: NOTE
    Found the following files/directories:
     'test'
Flavors: r-devel-linux-x86_64-debian-clang, r-devel-linux-x86_64-debian-gcc, r-devel-linux-x86_64-fedora-clang, r-devel-linux-x86_64-fedora-gcc, r-patched-linux-x86_64, r-patched-solaris-x86, r-release-linux-x86_64