Last updated on 2023-02-04 19:58:16 CET.
Flavor | Version | Tinstall | Tcheck | Ttotal | Status | Flags |
---|---|---|---|---|---|---|
r-devel-linux-x86_64-debian-clang | 2.4.0.1 | 26.82 | 193.22 | 220.04 | OK | |
r-devel-linux-x86_64-debian-gcc | 2.4.0.1 | 24.67 | 153.40 | 178.07 | OK | |
r-devel-linux-x86_64-fedora-clang | 2.4.0.1 | 291.93 | NOTE | |||
r-devel-linux-x86_64-fedora-gcc | 2.4.0.1 | 300.65 | NOTE | |||
r-devel-windows-x86_64 | 2.4.0.1 | 86.00 | 217.00 | 303.00 | OK | |
r-patched-linux-x86_64 | 2.4.0.1 | 29.72 | 200.18 | 229.90 | OK | |
r-release-linux-x86_64 | 2.4.0.1 | 25.87 | 201.59 | 227.46 | OK | |
r-release-macos-arm64 | 2.4.0.1 | 70.00 | NOTE | |||
r-release-macos-x86_64 | 2.4.0.1 | 103.00 | NOTE | |||
r-release-windows-x86_64 | 2.4.0.1 | 67.00 | 229.00 | 296.00 | OK | |
r-oldrel-macos-arm64 | 2.4.0.1 | 70.00 | NOTE | |||
r-oldrel-macos-x86_64 | 2.4.0.1 | 105.00 | NOTE | |||
r-oldrel-windows-ix86+x86_64 | 2.4.0.1 | 57.00 | 207.00 | 264.00 | OK |
Version: 2.4.0.1
Check: dependencies in R code
Result: NOTE
Namespaces in Imports field not imported from:
‘ActCR’ ‘ActFrag’ ‘tidyr’
All declared Imports should be used.
Flavors: r-devel-linux-x86_64-fedora-clang, r-devel-linux-x86_64-fedora-gcc, r-release-macos-arm64, r-release-macos-x86_64, r-oldrel-macos-arm64, r-oldrel-macos-x86_64