CRAN Package Check Results for Package mMARCH.AC

Last updated on 2024-07-22 21:56:32 CEST.

Flavor Version Tinstall Tcheck Ttotal Status Flags
r-devel-linux-x86_64-debian-clang 2.9.2.0 31.42 199.58 231.00 NOTE
r-devel-linux-x86_64-debian-gcc 2.9.2.0 22.05 168.17 190.22 NOTE
r-devel-linux-x86_64-fedora-clang 2.9.2.0 319.48 NOTE
r-devel-linux-x86_64-fedora-gcc 2.9.2.0 311.16 NOTE
r-devel-windows-x86_64 2.9.2.0 23.00 157.00 180.00 NOTE
r-patched-linux-x86_64 2.9.2.0 28.83 171.73 200.56 NOTE
r-release-linux-x86_64 2.9.2.0 20.41 207.18 227.59 NOTE
r-release-macos-arm64 2.9.2.0 97.00 NOTE
r-release-macos-x86_64 2.9.2.0 146.00 NOTE
r-release-windows-x86_64 2.9.2.0 24.00 161.00 185.00 NOTE
r-oldrel-macos-arm64 2.9.2.0 99.00 OK
r-oldrel-macos-x86_64 2.9.2.0 185.00 OK
r-oldrel-windows-x86_64 2.9.2.0 30.00 193.00 223.00 OK

Check Details

Version: 2.9.2.0
Check: Rd files
Result: NOTE checkRd: (-1) get_mean_sd_hour.Rd:20: Lost braces 20 | A function for calcualting the average timing of variables (in this case the M10 and L5). Find the average timing mu that min{ sum { min[ (tind_i - mu)^2, (1440 + mu - tind_i )^2 ]}} | ^ checkRd: (-1) get_mean_sd_hour.Rd:20: Lost braces; missing escapes or markup? 20 | A function for calcualting the average timing of variables (in this case the M10 and L5). Find the average timing mu that min{ sum { min[ (tind_i - mu)^2, (1440 + mu - tind_i )^2 ]}} | ^ Flavors: r-devel-linux-x86_64-debian-clang, r-devel-linux-x86_64-debian-gcc, r-devel-linux-x86_64-fedora-clang, r-devel-linux-x86_64-fedora-gcc, r-devel-windows-x86_64, r-patched-linux-x86_64, r-release-linux-x86_64, r-release-macos-arm64, r-release-macos-x86_64, r-release-windows-x86_64

Version: 2.9.2.0
Check: dependencies in R code
Result: NOTE Namespaces in Imports field not imported from: ‘ActCR’ ‘ActFrag’ ‘tidyr’ All declared Imports should be used. Flavors: r-devel-linux-x86_64-fedora-clang, r-devel-linux-x86_64-fedora-gcc