CRAN Package Check Results for Package mMPA

Last updated on 2021-11-29 19:51:35 CET.

Flavor Version Tinstall Tcheck Ttotal Status Flags
r-devel-linux-x86_64-debian-clang 1.2.0 1.95 22.49 24.44 NOTE
r-devel-linux-x86_64-debian-gcc 1.2.0 1.22 17.78 19.00 NOTE
r-devel-linux-x86_64-fedora-clang 1.2.0 40.99 NOTE
r-devel-linux-x86_64-fedora-gcc 1.2.0 30.29 NOTE
r-devel-windows-x86_64-new-UL 1.2.0 6.00 58.00 64.00 NOTE
r-devel-windows-x86_64-new-TK 1.2.0 NOTE
r-devel-windows-x86_64-old 1.2.0 4.00 32.00 36.00 NOTE
r-patched-linux-x86_64 1.2.0 1.97 21.20 23.17 NOTE
r-patched-solaris-x86 1.2.0 44.10 NOTE
r-release-linux-x86_64 1.2.0 1.87 21.17 23.04 NOTE
r-release-macos-arm64 1.2.0 NOTE
r-release-macos-x86_64 1.2.0 NOTE
r-release-windows-ix86+x86_64 1.2.0 5.00 27.00 32.00 NOTE
r-oldrel-macos-x86_64 1.2.0 OK
r-oldrel-windows-ix86+x86_64 1.2.0 4.00 38.00 42.00 OK

Check Details

Version: 1.2.0
Check: LazyData
Result: NOTE
     'LazyData' is specified without a 'data' directory
Flavors: r-devel-linux-x86_64-debian-clang, r-devel-linux-x86_64-debian-gcc, r-devel-linux-x86_64-fedora-clang, r-devel-linux-x86_64-fedora-gcc, r-devel-windows-x86_64-new-UL, r-devel-windows-x86_64-new-TK, r-devel-windows-x86_64-old, r-patched-linux-x86_64, r-patched-solaris-x86, r-release-linux-x86_64, r-release-macos-arm64, r-release-macos-x86_64, r-release-windows-ix86+x86_64