CRAN Package Check Results for Package mSTEM

Last updated on 2024-06-13 21:49:23 CEST.

Flavor Version Tinstall Tcheck Ttotal Status Flags
r-devel-linux-x86_64-debian-clang 1.0-1 2.80 31.49 34.29 NOTE
r-devel-linux-x86_64-debian-gcc 1.0-1 0.34 1.69 2.03 ERROR
r-devel-linux-x86_64-fedora-clang 1.0-1 44.27 NOTE
r-devel-linux-x86_64-fedora-gcc 1.0-1 42.30 NOTE
r-devel-windows-x86_64 1.0-1 4.00 54.00 58.00 NOTE
r-patched-linux-x86_64 1.0-1 3.82 30.72 34.54 NOTE
r-release-linux-x86_64 1.0-1 3.41 30.20 33.61 NOTE
r-release-macos-arm64 1.0-1 18.00 NOTE
r-release-macos-x86_64 1.0-1 26.00 NOTE
r-release-windows-x86_64 1.0-1 4.00 49.00 53.00 NOTE
r-oldrel-macos-arm64 1.0-1 19.00 NOTE
r-oldrel-macos-x86_64 1.0-1 27.00 NOTE
r-oldrel-windows-x86_64 1.0-1 5.00 48.00 53.00 NOTE

Check Details

Version: 1.0-1
Check: LazyData
Result: NOTE 'LazyData' is specified without a 'data' directory Flavors: r-devel-linux-x86_64-debian-clang, r-devel-linux-x86_64-fedora-clang, r-devel-linux-x86_64-fedora-gcc, r-devel-windows-x86_64, r-patched-linux-x86_64, r-release-linux-x86_64, r-release-macos-arm64, r-release-macos-x86_64, r-release-windows-x86_64, r-oldrel-macos-arm64, r-oldrel-macos-x86_64, r-oldrel-windows-x86_64

Version: 1.0-1
Check: package dependencies
Result: ERROR Package required but not available: ‘latex2exp’ See section ‘The DESCRIPTION file’ in the ‘Writing R Extensions’ manual. Flavor: r-devel-linux-x86_64-debian-gcc