CRAN Package Check Results for Package macrocol

Last updated on 2024-07-13 21:44:44 CEST.

Flavor Version Tinstall Tcheck Ttotal Status Flags
r-devel-linux-x86_64-debian-clang 0.1.0 2.68 22.92 25.60 OK
r-devel-linux-x86_64-debian-gcc 0.1.0 1.75 17.57 19.32 OK
r-devel-linux-x86_64-fedora-clang 0.1.0 32.08 NOTE
r-devel-linux-x86_64-fedora-gcc 0.1.0 29.99 NOTE
r-devel-windows-x86_64 0.1.0 4.00 40.00 44.00 OK
r-patched-linux-x86_64 0.1.0 2.62 21.92 24.54 OK
r-release-linux-x86_64 0.1.0 1.80 21.84 23.64 OK
r-release-macos-arm64 0.1.0 15.00 OK
r-release-macos-x86_64 0.1.0 20.00 OK
r-release-windows-x86_64 0.1.0 4.00 40.00 44.00 OK
r-oldrel-macos-arm64 0.1.0 15.00 OK
r-oldrel-macos-x86_64 0.1.0 17.00 OK
r-oldrel-windows-x86_64 0.1.0 5.00 40.00 45.00 OK

Check Details

Version: 0.1.0
Check: dependencies in R code
Result: NOTE Namespace in Imports field not imported from: ‘R.utils’ All declared Imports should be used. Flavors: r-devel-linux-x86_64-fedora-clang, r-devel-linux-x86_64-fedora-gcc