Last updated on 2022-05-20 21:52:55 CEST.
Flavor | Version | Tinstall | Tcheck | Ttotal | Status | Flags |
---|---|---|---|---|---|---|
r-devel-linux-x86_64-debian-clang | 0.2.0 | 24.52 | 189.99 | 214.51 | OK | |
r-devel-linux-x86_64-debian-gcc | 0.2.0 | 20.38 | 142.19 | 162.57 | OK | |
r-devel-linux-x86_64-fedora-clang | 0.2.0 | 251.36 | NOTE | |||
r-devel-linux-x86_64-fedora-gcc | 0.2.0 | 241.70 | NOTE | |||
r-devel-windows-x86_64 | 0.2.0 | 26.00 | 194.00 | 220.00 | OK | |
r-patched-linux-x86_64 | 0.2.0 | 27.01 | 175.98 | 202.99 | OK | |
r-release-linux-x86_64 | 0.2.0 | 20.47 | 176.70 | 197.17 | OK | |
r-release-macos-arm64 | 0.2.0 | 68.00 | NOTE | |||
r-release-macos-x86_64 | 0.2.0 | 114.00 | NOTE | |||
r-release-windows-x86_64 | 0.2.0 | 27.00 | 191.00 | 218.00 | OK | |
r-oldrel-macos-arm64 | 0.2.0 | 60.00 | NOTE | |||
r-oldrel-macos-x86_64 | 0.2.0 | 130.00 | NOTE | |||
r-oldrel-windows-ix86+x86_64 | 0.2.0 | 50.00 | 187.00 | 237.00 | OK |
Version: 0.2.0
Check: dependencies in R code
Result: NOTE
Namespace in Imports field not imported from: ‘mathjaxr’
All declared Imports should be used.
Flavors: r-devel-linux-x86_64-fedora-clang, r-devel-linux-x86_64-fedora-gcc, r-release-macos-arm64, r-release-macos-x86_64, r-oldrel-macos-arm64, r-oldrel-macos-x86_64