Last updated on 2021-01-20 19:48:20 CET.
Flavor | Version | Tinstall | Tcheck | Ttotal | Status | Flags |
---|---|---|---|---|---|---|
r-devel-linux-x86_64-debian-clang | 2.0.1 | 1.86 | 28.87 | 30.73 | OK | |
r-devel-linux-x86_64-debian-gcc | 2.0.1 | 1.76 | 22.53 | 24.29 | OK | |
r-devel-linux-x86_64-fedora-clang | 2.0.1 | 47.78 | OK | |||
r-devel-linux-x86_64-fedora-gcc | 2.0.1 | 38.40 | OK | |||
r-devel-windows-ix86+x86_64 | 2.0.1 | 13.00 | 46.00 | 59.00 | OK | |
r-patched-linux-x86_64 | 2.0.1 | 1.75 | 27.91 | 29.66 | OK | |
r-patched-solaris-x86 | 2.0.1 | 56.30 | OK | |||
r-release-linux-x86_64 | 2.0.1 | 1.97 | 28.29 | 30.26 | OK | |
r-release-macos-x86_64 | 2.0.1 | OK | ||||
r-release-windows-ix86+x86_64 | 2.0.1 | 2.00 | 8.00 | 10.00 | ERROR | |
r-oldrel-macos-x86_64 | 2.0.1 | OK | ||||
r-oldrel-windows-ix86+x86_64 | 2.0.1 | 11.00 | 38.00 | 49.00 | OK |
Version: 2.0.1
Check: whether package can be installed
Result: ERROR
Installation failed.
Flavor: r-release-windows-ix86+x86_64