CRAN Package Check Results for Package makemyprior

Last updated on 2024-02-26 19:50:13 CET.

Flavor Version Tinstall Tcheck Ttotal Status Flags
r-devel-linux-x86_64-debian-clang 1.1.0 22.99 187.39 210.38 NOTE
r-devel-linux-x86_64-debian-gcc 1.1.0 15.10 137.06 152.16 NOTE
r-devel-linux-x86_64-fedora-clang 1.1.0 252.94 OK
r-devel-linux-x86_64-fedora-gcc 1.1.0 273.95 OK
r-devel-windows-x86_64 1.1.0 18.00 146.00 164.00 OK
r-patched-linux-x86_64 1.1.0 14.67 179.38 194.05 NOTE
r-release-linux-x86_64 1.1.0 13.40 177.15 190.55 NOTE
r-release-macos-arm64 1.1.0 85.00 NOTE
r-release-macos-x86_64 1.1.0 135.00 NOTE
r-release-windows-x86_64 1.1.0 24.00 184.00 208.00 NOTE
r-oldrel-macos-arm64 1.1.0 79.00 NOTE
r-oldrel-windows-x86_64 1.1.0 25.00 189.00 214.00 NOTE

Check Details

Version: 1.1.0
Check: package dependencies
Result: NOTE Package suggested but not available for checking: ‘INLA’ Flavors: r-devel-linux-x86_64-debian-clang, r-devel-linux-x86_64-debian-gcc, r-patched-linux-x86_64, r-release-linux-x86_64, r-release-macos-arm64, r-release-macos-x86_64, r-release-windows-x86_64, r-oldrel-macos-arm64, r-oldrel-windows-x86_64

Version: 1.1.0
Check: Rd cross-references
Result: NOTE Package unavailable to check Rd xrefs: ‘INLA’ Flavors: r-devel-linux-x86_64-debian-clang, r-devel-linux-x86_64-debian-gcc, r-patched-linux-x86_64, r-release-linux-x86_64, r-release-macos-arm64, r-release-macos-x86_64, r-release-windows-x86_64, r-oldrel-macos-arm64, r-oldrel-windows-x86_64