CRAN Package Check Results for Package maketools

Last updated on 2021-11-29 19:51:34 CET.

Flavor Version Tinstall Tcheck Ttotal Status Flags
r-devel-linux-x86_64-debian-clang 1.2.0 2.76 32.93 35.69 NOTE
r-devel-linux-x86_64-debian-gcc 1.2.0 2.28 25.87 28.15 NOTE
r-devel-linux-x86_64-fedora-clang 1.2.0 55.81 NOTE
r-devel-linux-x86_64-fedora-gcc 1.2.0 43.67 NOTE
r-devel-windows-x86_64-new-UL 1.2.0 21.00 226.00 247.00 NOTE
r-devel-windows-x86_64-new-TK 1.2.0 NOTE
r-devel-windows-x86_64-old 1.2.0 11.00 77.00 88.00 NOTE
r-patched-linux-x86_64 1.2.0 2.79 30.93 33.72 NOTE
r-patched-solaris-x86 1.2.0 62.40 NOTE
r-release-linux-x86_64 1.2.0 2.66 31.33 33.99 NOTE
r-release-macos-arm64 1.2.0 NOTE
r-release-macos-x86_64 1.2.0 NOTE
r-release-windows-ix86+x86_64 1.2.0 20.00 72.00 92.00 NOTE
r-oldrel-macos-x86_64 1.2.0 OK
r-oldrel-windows-ix86+x86_64 1.2.0 13.00 93.00 106.00 OK

Check Details

Version: 1.2.0
Check: LazyData
Result: NOTE
     'LazyData' is specified without a 'data' directory
Flavors: r-devel-linux-x86_64-debian-clang, r-devel-linux-x86_64-debian-gcc, r-devel-linux-x86_64-fedora-clang, r-devel-linux-x86_64-fedora-gcc, r-devel-windows-x86_64-new-UL, r-devel-windows-x86_64-new-TK, r-devel-windows-x86_64-old, r-patched-linux-x86_64, r-patched-solaris-x86, r-release-linux-x86_64, r-release-macos-arm64, r-release-macos-x86_64, r-release-windows-ix86+x86_64