Last updated on 2022-05-20 21:52:55 CEST.
Flavor | Version | Tinstall | Tcheck | Ttotal | Status | Flags |
---|---|---|---|---|---|---|
r-devel-linux-x86_64-debian-clang | 0.3.0 | 3.27 | 45.98 | 49.25 | OK | |
r-devel-linux-x86_64-debian-gcc | 0.3.0 | 1.96 | 35.33 | 37.29 | OK | |
r-devel-linux-x86_64-fedora-clang | 0.3.0 | 59.23 | NOTE | |||
r-devel-linux-x86_64-fedora-gcc | 0.3.0 | 57.48 | NOTE | |||
r-devel-windows-x86_64 | 0.3.0 | 17.00 | 68.00 | 85.00 | OK | |
r-patched-linux-x86_64 | 0.3.0 | 8.21 | 44.25 | 52.46 | OK | |
r-release-linux-x86_64 | 0.3.0 | 2.27 | 43.71 | 45.98 | OK | |
r-release-macos-arm64 | 0.3.0 | 24.00 | NOTE | |||
r-release-macos-x86_64 | 0.3.0 | 34.00 | NOTE | |||
r-release-windows-x86_64 | 0.3.0 | 28.00 | 69.00 | 97.00 | OK | |
r-oldrel-macos-arm64 | 0.3.0 | 21.00 | NOTE | |||
r-oldrel-macos-x86_64 | 0.3.0 | 38.00 | NOTE | |||
r-oldrel-windows-ix86+x86_64 | 0.3.0 | 9.00 | 59.00 | 68.00 | OK |
Version: 0.3.0
Check: dependencies in R code
Result: NOTE
Namespace in Imports field not imported from: ‘ggplot2’
All declared Imports should be used.
Flavors: r-devel-linux-x86_64-fedora-clang, r-devel-linux-x86_64-fedora-gcc, r-release-macos-arm64, r-release-macos-x86_64, r-oldrel-macos-arm64, r-oldrel-macos-x86_64