CRAN Package Check Results for Package maotai

Last updated on 2022-12-03 19:52:54 CET.

Flavor Version Tinstall Tcheck Ttotal Status Flags
r-devel-linux-x86_64-debian-clang 0.2.4 145.74 102.38 248.12 OK
r-devel-linux-x86_64-debian-gcc 0.2.4 106.38 78.93 185.31 OK
r-devel-linux-x86_64-fedora-clang 0.2.4 339.28 OK
r-devel-linux-x86_64-fedora-gcc 0.2.4 309.14 OK
r-devel-windows-x86_64 0.2.4 123.00 160.00 283.00 OK
r-patched-linux-x86_64 0.2.4 113.61 97.96 211.57 OK
r-release-linux-x86_64 0.2.4 117.66 98.45 216.11 OK
r-release-macos-arm64 0.2.4 74.00 NOTE
r-release-macos-x86_64 0.2.4 97.00 NOTE
r-release-windows-x86_64 0.2.4 126.00 167.00 293.00 OK
r-oldrel-macos-arm64 0.2.4 73.00 NOTE
r-oldrel-macos-x86_64 0.2.4 92.00 NOTE
r-oldrel-windows-ix86+x86_64 0.2.4 311.00 176.00 487.00 OK

Check Details

Version: 0.2.4
Check: installed package size
Result: NOTE
     installed size is 6.2Mb
     sub-directories of 1Mb or more:
     libs 5.9Mb
Flavors: r-release-macos-arm64, r-release-macos-x86_64, r-oldrel-macos-arm64, r-oldrel-macos-x86_64