CRAN Package Check Results for Package maotai

Last updated on 2022-01-26 19:50:37 CET.

Flavor Version Tinstall Tcheck Ttotal Status Flags
r-devel-linux-x86_64-debian-clang 0.2.2 124.25 103.87 228.12 OK
r-devel-linux-x86_64-debian-gcc 0.2.2 90.65 79.08 169.73 OK
r-devel-linux-x86_64-fedora-clang 0.2.2 315.67 NOTE
r-devel-linux-x86_64-fedora-gcc 0.2.2 286.87 OK
r-devel-windows-x86_64-new-UL 0.2.2 136.00 160.00 296.00 OK
r-devel-windows-x86_64-new-TK 0.2.2 OK
r-patched-linux-x86_64 0.2.2 110.63 94.22 204.85 OK
r-release-linux-x86_64 0.2.2 101.74 93.95 195.69 OK
r-release-macos-arm64 0.2.2 NOTE
r-release-macos-x86_64 0.2.2 NOTE
r-release-windows-ix86+x86_64 0.2.2 294.00 158.00 452.00 OK
r-oldrel-macos-x86_64 0.2.2 NOTE
r-oldrel-windows-ix86+x86_64 0.2.2 299.00 162.00 461.00 OK

Check Details

Version: 0.2.2
Check: installed package size
Result: NOTE
     installed size is 5.8Mb
     sub-directories of 1Mb or more:
     libs 5.5Mb
Flavors: r-devel-linux-x86_64-fedora-clang, r-release-macos-arm64, r-release-macos-x86_64, r-oldrel-macos-x86_64