CRAN Package Check Results for Package mapSpain

Last updated on 2024-03-04 19:54:16 CET.

Flavor Version Tinstall Tcheck Ttotal Status Flags
r-devel-linux-x86_64-debian-clang 0.9.0 9.70 171.13 180.83 OK
r-devel-linux-x86_64-debian-gcc 0.9.0 7.02 125.85 132.87 OK
r-devel-linux-x86_64-fedora-clang 0.9.0 215.62 NOTE
r-devel-linux-x86_64-fedora-gcc 0.9.0 217.78 NOTE
r-devel-windows-x86_64 0.9.0 13.00 127.00 140.00 OK
r-patched-linux-x86_64 0.9.0 11.05 164.39 175.44 OK
r-release-linux-x86_64 0.9.0 9.62 163.83 173.45 OK
r-release-macos-arm64 0.9.0 71.00 OK
r-release-macos-x86_64 0.9.0 130.00 OK
r-release-windows-x86_64 0.9.0 14.00 160.00 174.00 OK
r-oldrel-macos-arm64 0.9.0 64.00 OK
r-oldrel-windows-x86_64 0.9.0 13.00 149.00 162.00 OK

Check Details

Version: 0.9.0
Check: data for non-ASCII characters
Result: NOTE Note: found 13138 marked UTF-8 strings Flavors: r-devel-linux-x86_64-fedora-clang, r-devel-linux-x86_64-fedora-gcc