CRAN Package Check Results for Package mapdata

Last updated on 2022-08-11 21:50:09 CEST.

Flavor Version Tinstall Tcheck Ttotal Status Flags
r-devel-linux-x86_64-debian-clang 2.3.0 17.81 25.34 43.15 NOTE
r-devel-linux-x86_64-debian-gcc 2.3.0 12.49 19.61 32.10 NOTE
r-devel-linux-x86_64-fedora-clang 2.3.0 59.98 NOTE
r-devel-linux-x86_64-fedora-gcc 2.3.0 58.94 NOTE
r-devel-windows-x86_64 2.3.0 63.00 49.00 112.00 NOTE
r-patched-linux-x86_64 2.3.0 16.01 24.34 40.35 OK
r-release-linux-x86_64 2.3.0 17.16 24.40 41.56 OK
r-release-macos-arm64 2.3.0 24.00 NOTE
r-release-macos-x86_64 2.3.0 42.00 NOTE
r-release-windows-x86_64 2.3.0 61.00 48.00 109.00 NOTE
r-oldrel-macos-arm64 2.3.0 30.00 NOTE
r-oldrel-macos-x86_64 2.3.0 47.00 NOTE
r-oldrel-windows-ix86+x86_64 2.3.0 76.00 41.00 117.00 NOTE

Check Details

Version: 2.3.0
Check: Rd files
Result: NOTE
    checkRd: (-1) china.Rd:27: Escaped LaTeX specials: \&
    checkRd: (-1) china.Rd:31: Escaped LaTeX specials: \&
    checkRd: (-1) japan.Rd:30: Escaped LaTeX specials: \&
    checkRd: (-1) japan.Rd:34: Escaped LaTeX specials: \&
    checkRd: (-1) nzHires.Rd:28: Escaped LaTeX specials: \&
    checkRd: (-1) nzHires.Rd:32: Escaped LaTeX specials: \&
    checkRd: (-1) rivers.Rd:32: Escaped LaTeX specials: \&
    checkRd: (-1) rivers.Rd:36: Escaped LaTeX specials: \&
    checkRd: (-1) world2Hires.Rd:42: Escaped LaTeX specials: \&
    checkRd: (-1) world2Hires.Rd:46: Escaped LaTeX specials: \&
    checkRd: (-1) worldHires.Rd:48: Escaped LaTeX specials: \&
    checkRd: (-1) worldHires.Rd:52: Escaped LaTeX specials: \&
Flavors: r-devel-linux-x86_64-debian-clang, r-devel-linux-x86_64-debian-gcc, r-devel-linux-x86_64-fedora-clang, r-devel-linux-x86_64-fedora-gcc, r-devel-windows-x86_64

Version: 2.3.0
Check: installed package size
Result: NOTE
     installed size is 33.5Mb
     sub-directories of 1Mb or more:
     mapdata 33.4Mb
Flavors: r-devel-linux-x86_64-fedora-clang, r-devel-windows-x86_64, r-release-macos-arm64, r-release-macos-x86_64, r-release-windows-x86_64, r-oldrel-macos-arm64, r-oldrel-macos-x86_64, r-oldrel-windows-ix86+x86_64