CRAN Package Check Results for Package mappp

Last updated on 2023-01-27 19:49:36 CET.

Flavor Version Tinstall Tcheck Ttotal Status Flags
r-devel-linux-x86_64-debian-clang 1.0.0 2.17 22.40 24.57 OK
r-devel-linux-x86_64-debian-gcc 1.0.0 1.71 18.22 19.93 OK
r-devel-linux-x86_64-fedora-clang 1.0.0 33.05 NOTE
r-devel-linux-x86_64-fedora-gcc 1.0.0 32.26 NOTE
r-devel-windows-x86_64 1.0.0 7.00 54.00 61.00 OK
r-patched-linux-x86_64 1.0.0 2.10 23.44 25.54 OK
r-release-linux-x86_64 1.0.0 2.18 23.42 25.60 OK
r-release-macos-arm64 1.0.0 20.00 NOTE
r-release-macos-x86_64 1.0.0 25.00 NOTE
r-release-windows-x86_64 1.0.0 11.00 58.00 69.00 OK
r-oldrel-macos-arm64 1.0.0 19.00 NOTE
r-oldrel-macos-x86_64 1.0.0 25.00 NOTE
r-oldrel-windows-ix86+x86_64 1.0.0 6.00 52.00 58.00 OK

Additional issues

donttest

Check Details

Version: 1.0.0
Check: dependencies in R code
Result: NOTE
    Namespace in Imports field not imported from: ‘pbmcapply’
     All declared Imports should be used.
Flavors: r-devel-linux-x86_64-fedora-clang, r-devel-linux-x86_64-fedora-gcc, r-release-macos-arm64, r-release-macos-x86_64, r-oldrel-macos-arm64, r-oldrel-macos-x86_64