Last updated on 2023-01-31 19:56:27 CET.
Flavor | Version | Tinstall | Tcheck | Ttotal | Status | Flags |
---|---|---|---|---|---|---|
r-devel-linux-x86_64-debian-clang | 3.4.1 | 8.38 | 41.71 | 50.09 | OK | |
r-devel-linux-x86_64-debian-gcc | 3.4.1 | 7.16 | 31.67 | 38.83 | OK | |
r-devel-linux-x86_64-fedora-clang | 3.4.1 | 64.60 | NOTE | |||
r-devel-linux-x86_64-fedora-gcc | 3.4.1 | 65.37 | OK | |||
r-devel-windows-x86_64 | 3.4.1 | 60.00 | 78.00 | 138.00 | OK | |
r-patched-linux-x86_64 | 3.4.1 | 7.95 | 39.56 | 47.51 | OK | |
r-release-linux-x86_64 | 3.4.1 | 8.47 | 39.30 | 47.77 | OK | |
r-release-macos-arm64 | 3.4.1 | 37.00 | OK | |||
r-release-macos-x86_64 | 3.4.1 | 63.00 | OK | |||
r-release-windows-x86_64 | 3.4.1 | 53.00 | 81.00 | 134.00 | OK | |
r-oldrel-macos-arm64 | 3.4.1 | 41.00 | OK | |||
r-oldrel-macos-x86_64 | 3.4.1 | 55.00 | OK | |||
r-oldrel-windows-ix86+x86_64 | 3.4.1 | 32.00 | 81.00 | 113.00 | OK |
Version: 3.4.1
Check: Rd cross-references
Result: NOTE
Undeclared package ‘rgdal’ in Rd xrefs
Flavor: r-devel-linux-x86_64-fedora-clang