CRAN Package Check Results for Package maptools

Last updated on 2022-01-28 19:51:01 CET.

Flavor Version Tinstall Tcheck Ttotal Status Flags
r-devel-linux-x86_64-debian-clang 1.1-2 19.60 162.41 182.01 OK
r-devel-linux-x86_64-debian-gcc 1.1-2 13.75 121.21 134.96 OK
r-devel-linux-x86_64-fedora-clang 1.1-2 212.04 OK
r-devel-linux-x86_64-fedora-gcc 1.1-2 204.27 OK
r-devel-windows-x86_64-new-UL 1.1-2 233.00 247.00 480.00 OK
r-devel-windows-x86_64-new-TK 1.1-2 OK
r-patched-linux-x86_64 1.1-2 17.85 148.24 166.09 OK
r-release-linux-x86_64 1.1-2 17.69 148.20 165.89 OK
r-release-macos-arm64 1.1-2 OK
r-release-macos-x86_64 1.1-2 NOTE
r-release-windows-ix86+x86_64 1.1-2 66.00 304.00 370.00 OK
r-oldrel-macos-x86_64 1.1-2 OK
r-oldrel-windows-ix86+x86_64 1.1-2 64.00 314.00 378.00 OK

Check Details

Version: 1.1-2
Check: Rd cross-references
Result: NOTE
    Package unavailable to check Rd xrefs: ‘rgeos’
Flavor: r-release-macos-x86_64