Last updated on 2023-09-26 23:04:18 CEST.
Flavor | Version | Tinstall | Tcheck | Ttotal | Status | Flags |
---|---|---|---|---|---|---|
r-devel-linux-x86_64-debian-clang | 2.1.10 | 7.93 | 77.03 | 84.96 | NOTE | |
r-devel-linux-x86_64-debian-gcc | 2.1.10 | 6.99 | 59.11 | 66.10 | NOTE | |
r-devel-linux-x86_64-fedora-clang | 2.1.11 | 113.67 | OK | |||
r-devel-linux-x86_64-fedora-gcc | 2.1.11 | 121.75 | OK | |||
r-devel-windows-x86_64 | 2.1.10 | 12.00 | 129.00 | 141.00 | NOTE | |
r-patched-linux-x86_64 | 2.1.10 | 9.57 | 75.50 | 85.07 | NOTE | |
r-release-linux-x86_64 | 2.1.10 | 9.03 | 74.58 | 83.61 | NOTE | |
r-release-macos-arm64 | 2.1.11 | 49.00 | OK | |||
r-release-macos-x86_64 | 2.1.11 | 145.00 | OK | |||
r-release-windows-x86_64 | 2.1.11 | 19.00 | 123.00 | 142.00 | OK | |
r-oldrel-macos-arm64 | 2.1.10 | 42.00 | OK | |||
r-oldrel-macos-x86_64 | 2.1.10 | 55.00 | OK | |||
r-oldrel-windows-x86_64 | 2.1.10 | 11.00 | 127.00 | 138.00 | OK |
Version: 2.1.10
Check: Rd files
Result: NOTE
checkRd: (-1) sw_sfac.Rd:24: Escaped LaTeX specials: \_
Flavors: r-devel-linux-x86_64-debian-clang, r-devel-linux-x86_64-debian-gcc, r-devel-windows-x86_64, r-patched-linux-x86_64, r-release-linux-x86_64