CRAN Package Check Results for Package marelac

Last updated on 2022-11-30 19:53:31 CET.

Flavor Version Tinstall Tcheck Ttotal Status Flags
r-devel-linux-x86_64-debian-clang 2.1.10 8.62 77.95 86.57 NOTE
r-devel-linux-x86_64-debian-gcc 2.1.10 6.45 59.58 66.03 NOTE
r-devel-linux-x86_64-fedora-clang 2.1.10 117.31 NOTE
r-devel-linux-x86_64-fedora-gcc 2.1.10 114.58 NOTE
r-devel-windows-x86_64 2.1.10 40.00 148.00 188.00 NOTE
r-patched-linux-x86_64 2.1.10 8.78 72.47 81.25 OK
r-release-linux-x86_64 2.1.10 7.57 72.37 79.94 OK
r-release-macos-arm64 2.1.10 42.00 OK
r-release-macos-x86_64 2.1.10 55.00 OK
r-release-windows-x86_64 2.1.10 41.00 151.00 192.00 OK
r-oldrel-macos-arm64 2.1.10 63.00 OK
r-oldrel-macos-x86_64 2.1.10 84.00 OK
r-oldrel-windows-ix86+x86_64 2.1.10 20.00 137.00 157.00 OK

Check Details

Version: 2.1.10
Check: Rd files
Result: NOTE
    checkRd: (-1) sw_sfac.Rd:24: Escaped LaTeX specials: \_
Flavors: r-devel-linux-x86_64-debian-clang, r-devel-linux-x86_64-debian-gcc, r-devel-linux-x86_64-fedora-clang, r-devel-linux-x86_64-fedora-gcc, r-devel-windows-x86_64