CRAN Package Check Results for Package matricks

Last updated on 2024-02-24 19:50:44 CET.

Flavor Version Tinstall Tcheck Ttotal Status Flags
r-devel-linux-x86_64-debian-clang 0.8.2 23.71 62.07 85.78 NOTE
r-devel-linux-x86_64-debian-gcc 0.8.2 18.34 46.66 65.00 NOTE
r-devel-linux-x86_64-fedora-clang 0.8.2 115.26 NOTE
r-devel-linux-x86_64-fedora-gcc 0.8.2 119.19 NOTE
r-devel-windows-x86_64 0.8.2 21.00 88.00 109.00 NOTE
r-patched-linux-x86_64 0.8.2 26.47 59.15 85.62 NOTE
r-release-linux-x86_64 0.8.2 19.61 58.37 77.98 NOTE
r-release-macos-arm64 0.8.2 44.00 NOTE
r-release-macos-x86_64 0.8.2 64.00 NOTE
r-release-windows-x86_64 0.8.2 26.00 100.00 126.00 NOTE
r-oldrel-macos-arm64 0.8.2 35.00 NOTE
r-oldrel-windows-x86_64 0.8.2 26.00 105.00 131.00 NOTE

Check Details

Version: 0.8.2
Check: LazyData
Result: NOTE 'LazyData' is specified without a 'data' directory Flavors: r-devel-linux-x86_64-debian-clang, r-devel-linux-x86_64-debian-gcc, r-devel-linux-x86_64-fedora-clang, r-devel-linux-x86_64-fedora-gcc, r-devel-windows-x86_64, r-patched-linux-x86_64, r-release-linux-x86_64, r-release-macos-arm64, r-release-macos-x86_64, r-release-windows-x86_64, r-oldrel-macos-arm64, r-oldrel-windows-x86_64