CRAN Package Check Results for Package matrixProfile

Last updated on 2022-05-28 21:50:44 CEST.

Flavor Version Tinstall Tcheck Ttotal Status Flags
r-devel-linux-x86_64-debian-clang 0.5.0 2.22 38.92 41.14 NOTE
r-devel-linux-x86_64-debian-gcc 0.5.0 1.67 30.37 32.04 NOTE
r-devel-linux-x86_64-fedora-clang 0.5.0 49.54 NOTE
r-devel-linux-x86_64-fedora-gcc 0.5.0 39.13 NOTE
r-devel-windows-x86_64 0.5.0 11.00 54.00 65.00 NOTE
r-patched-linux-x86_64 0.5.0 2.76 36.99 39.75 NOTE
r-release-linux-x86_64 0.5.0 2.76 37.94 40.70 NOTE
r-release-macos-arm64 0.5.0 19.00 NOTE
r-release-macos-x86_64 0.5.0 24.00 NOTE
r-release-windows-x86_64 0.5.0 17.00 57.00 74.00 NOTE
r-oldrel-macos-arm64 0.5.0 24.00 NOTE
r-oldrel-macos-x86_64 0.5.0 32.00 NOTE
r-oldrel-windows-ix86+x86_64 0.5.0 8.00 47.00 55.00 NOTE

Check Details

Version: 0.5.0
Check: LazyData
Result: NOTE
     'LazyData' is specified without a 'data' directory
Flavors: r-devel-linux-x86_64-debian-clang, r-devel-linux-x86_64-debian-gcc, r-devel-linux-x86_64-fedora-clang, r-devel-linux-x86_64-fedora-gcc, r-devel-windows-x86_64, r-patched-linux-x86_64, r-release-linux-x86_64, r-release-macos-arm64, r-release-macos-x86_64, r-release-windows-x86_64, r-oldrel-macos-arm64, r-oldrel-macos-x86_64, r-oldrel-windows-ix86+x86_64