CRAN Package Check Results for Package matrixdist

Last updated on 2024-03-04 19:54:16 CET.

Flavor Version Tinstall Tcheck Ttotal Status Flags
r-devel-linux-x86_64-debian-clang 1.1.9 300.21 106.07 406.28 OK
r-devel-linux-x86_64-debian-gcc 1.1.9 231.36 76.07 307.43 OK
r-devel-linux-x86_64-fedora-clang 1.1.9 591.83 OK
r-devel-linux-x86_64-fedora-gcc 1.1.9 578.49 OK
r-devel-windows-x86_64 1.1.9 212.00 159.00 371.00 OK
r-patched-linux-x86_64 1.1.9 281.69 101.42 383.11 OK
r-release-linux-x86_64 1.1.9 275.27 101.95 377.22 OK
r-release-macos-arm64 1.1.9 107.00 NOTE
r-release-macos-x86_64 1.1.9 140.00 NOTE
r-release-windows-x86_64 1.1.9 272.00 191.00 463.00 OK
r-oldrel-macos-arm64 1.1.9 100.00 NOTE
r-oldrel-windows-x86_64 1.1.9 252.00 149.00 401.00 OK

Check Details

Version: 1.1.9
Check: installed package size
Result: NOTE installed size is 14.1Mb sub-directories of 1Mb or more: libs 13.2Mb Flavors: r-release-macos-arm64, r-release-macos-x86_64, r-oldrel-macos-arm64