CRAN Package Check Results for Package maxLik

Last updated on 2024-04-18 22:52:48 CEST.

Flavor Version Tinstall Tcheck Ttotal Status Flags
r-devel-linux-x86_64-debian-clang 1.5-2.1 7.61 139.57 147.18 OK
r-devel-linux-x86_64-debian-gcc 1.5-2.1 6.20 97.69 103.89 OK
r-devel-linux-x86_64-fedora-clang 1.5-2.1 176.92 OK
r-devel-linux-x86_64-fedora-gcc 1.5-2.1 179.74 OK
r-prerel-macos-arm64 1.5-2.1 57.00 WARN
r-prerel-macos-x86_64 1.5-2.1 179.00 OK
r-prerel-windows-x86_64 1.5-2.1 7.00 152.00 159.00 OK
r-patched-linux-x86_64 1.5-2.1 11.83 129.51 141.34 OK
r-release-linux-x86_64 1.5-2.1 6.44 131.87 138.31 OK
r-release-macos-arm64 1.5-2.1 71.00 NOTE
r-release-macos-x86_64 1.5-2.1 202.00 OK
r-release-windows-x86_64 1.5-2.1 10.00 164.00 174.00 OK
r-oldrel-macos-arm64 1.5-2.1 70.00 NOTE
r-oldrel-windows-x86_64 1.5-2.1 12.00 164.00 176.00 OK

Check Details

Version: 1.5-2.1
Check: re-building of vignette outputs
Result: WARN Error(s) in re-building vignettes: --- re-building ‘intro-to-maximum-likelihood.Rnw’ using Sweave Loading required package: miscTools Please cite the 'maxLik' package as: Henningsen, Arne and Toomet, Ott (2011). maxLik: A package for maximum likelihood estimation in R. Computational Statistics 26(3), 443-458. DOI 10.1007/s00180-010-0217-1. If you have questions, suggestions, or comments regarding the 'maxLik' package, please use a forum or 'tracker' at maxLik's R-Forge site: https://r-forge.r-project.org/projects/maxlik/ Warning in log(sigma) : NaNs produced Loading required package: plot3D --- finished re-building ‘intro-to-maximum-likelihood.Rnw’ --- re-building ‘stochastic-gradient-maxLik.Rnw’ using Sweave Loading required package: miscTools Please cite the 'maxLik' package as: Henningsen, Arne and Toomet, Ott (2011). maxLik: A package for maximum likelihood estimation in R. Computational Statistics 26(3), 443-458. DOI 10.1007/s00180-010-0217-1. If you have questions, suggestions, or comments regarding the 'maxLik' package, please use a forum or 'tracker' at maxLik's R-Forge site: https://r-forge.r-project.org/projects/maxlik/ --- finished re-building ‘stochastic-gradient-maxLik.Rnw’ --- re-building ‘using-maxlik.Rnw’ using Sweave Loading required package: miscTools Please cite the 'maxLik' package as: Henningsen, Arne and Toomet, Ott (2011). maxLik: A package for maximum likelihood estimation in R. Computational Statistics 26(3), 443-458. DOI 10.1007/s00180-010-0217-1. If you have questions, suggestions, or comments regarding the 'maxLik' package, please use a forum or 'tracker' at maxLik's R-Forge site: https://r-forge.r-project.org/projects/maxlik/ Warning in dnorm(x, mean = mu, sd = sigma, log = TRUE) : NaNs produced Warning in dnorm(x, mean = mu, sd = sigma, log = TRUE) : NaNs produced Warning in dnorm(x, mean = mu, sd = sigma, log = TRUE) : NaNs produced Warning in dnorm(x, mean = mu, sd = sigma, log = TRUE) : NaNs produced Warning in dnorm(x, mean = mu, sd = sigma, log = TRUE) : NaNs produced Warning in dnorm(x, mean = mu, sd = sigma, log = TRUE) : NaNs produced Warning in dnorm(x, mean = mu, sd = sigma, log = TRUE) : NaNs produced Warning in dnorm(x, mean = mu, sd = sigma, log = TRUE) : NaNs produced Warning in dnorm(x, mean = mu, sd = sigma, log = TRUE) : NaNs produced Warning in dnorm(x, mean = mu, sd = sigma, log = TRUE) : NaNs produced Warning in dnorm(x, mean = mu, sd = sigma, log = TRUE) : NaNs produced Warning in dnorm(x, mean = mu, sd = sigma, log = TRUE) : NaNs produced Warning in dnorm(x, mean = mu, sd = sigma, log = TRUE) : NaNs produced Warning in dnorm(x, mean = mu, sd = sigma, log = TRUE) : NaNs produced Warning in dnorm(x, mean = mu, sd = sigma, log = TRUE) : NaNs produced Warning in dnorm(x, mean = mu, sd = sigma, log = TRUE) : NaNs produced Warning in dnorm(x, mean = mu, sd = sigma, log = TRUE) : NaNs produced Warning in dnorm(x, mean = mu, sd = sigma, log = TRUE) : NaNs produced Warning in dnorm(x, mean = mu, sd = sigma, log = TRUE) : NaNs produced Warning in dnorm(x, mean = mu, sd = sigma, log = TRUE) : NaNs produced Warning in dnorm(x, mean = mu, sd = sigma, log = TRUE) : NaNs produced Warning in dnorm(x, mean = mu, sd = sigma, log = TRUE) : NaNs produced Warning in dnorm(x, mean = mu, sd = sigma, log = TRUE) : NaNs produced Warning in sqrt(diag(vc)) : NaNs produced Warning in sqrt(diag(vc)) : NaNs produced Warning in dnorm(x, mean = mu, sd = sigma, log = TRUE) : NaNs produced Warning in dnorm(x, mean = mu, sd = sigma, log = TRUE) : NaNs produced Warning in dnorm(x, mean = mu, sd = sigma, log = TRUE) : NaNs produced Warning in dnorm(x, mean = mu, sd = sigma, log = TRUE) : NaNs produced Warning in dnorm(x, mean = mu, sd = sigma, log = TRUE) : NaNs produced Warning in dnorm(x, mean = mu, sd = sigma, log = TRUE) : NaNs produced Warning in dnorm(x, mean = mu, sd = sigma, log = TRUE) : NaNs produced Warning in dnorm(x, mean = mu, sd = sigma, log = TRUE) : NaNs produced Warning in dnorm(x, mean = mu, sd = sigma, log = TRUE) : NaNs produced Warning in dnorm(x, mean = mu, sd = sigma, log = TRUE) : NaNs produced Warning in dnorm(x, mean = mu, sd = sigma, log = TRUE) : NaNs produced Warning in dnorm(x, mean = mu, sd = sigma, log = TRUE) : NaNs produced Warning in dnorm(x, mean = mu, sd = sigma, log = TRUE) : NaNs produced Warning in dnorm(x, mean = mu, sd = sigma, log = TRUE) : NaNs produced Warning in dnorm(x, mean = mu, sd = sigma, log = TRUE) : NaNs produced Warning in dnorm(x, mean = mu, sd = sigma, log = TRUE) : NaNs produced Warning in dnorm(x, mean = mu, sd = sigma, log = TRUE) : NaNs produced Warning in dnorm(x, mean = mu, sd = sigma, log = TRUE) : NaNs produced Warning in dnorm(x, mean = mu, sd = sigma, log = TRUE) : NaNs produced Warning in dnorm(x, mean = mu, sd = sigma, log = TRUE) : NaNs produced Warning in dnorm(x, mean = mu, sd = sigma, log = TRUE) : NaNs produced Warning in dnorm(x, mean = mu, sd = sigma, log = TRUE) : NaNs produced Warning in dnorm(x, mean = mu, sd = sigma, log = TRUE) : NaNs produced Warning in dnorm(x, mean = mu, sd = sigma, log = TRUE) : NaNs produced Warning in dnorm(x, mean = mu, sd = sigma, log = TRUE) : NaNs produced Warning in dnorm(x, mean = mu, sd = sigma, log = TRUE) : NaNs produced Warning in sqrt(diag(vc)) : NaNs produced Warning in sqrt(diag(vc)) : NaNs produced Error: processing vignette 'using-maxlik.Rnw' failed with diagnostics: Running 'texi2dvi' on 'using-maxlik.tex' failed. LaTeX errors: !pdfTeX error: pdflatex (file bbm10): Font bbm10 at 600 not found ==> Fatal error occurred, no output PDF file produced! --- failed re-building ‘using-maxlik.Rnw’ SUMMARY: processing the following file failed: ‘using-maxlik.Rnw’ Error: Vignette re-building failed. Execution halted Flavor: r-prerel-macos-arm64

Version: 1.5-2.1
Check: re-building of vignette outputs
Result: NOTE Error(s) in re-building vignettes: --- re-building ‘intro-to-maximum-likelihood.Rnw’ using Sweave Loading required package: miscTools Please cite the 'maxLik' package as: Henningsen, Arne and Toomet, Ott (2011). maxLik: A package for maximum likelihood estimation in R. Computational Statistics 26(3), 443-458. DOI 10.1007/s00180-010-0217-1. If you have questions, suggestions, or comments regarding the 'maxLik' package, please use a forum or 'tracker' at maxLik's R-Forge site: https://r-forge.r-project.org/projects/maxlik/ Warning in log(sigma) : NaNs produced Loading required package: plot3D --- finished re-building ‘intro-to-maximum-likelihood.Rnw’ --- re-building ‘stochastic-gradient-maxLik.Rnw’ using Sweave Loading required package: miscTools Please cite the 'maxLik' package as: Henningsen, Arne and Toomet, Ott (2011). maxLik: A package for maximum likelihood estimation in R. Computational Statistics 26(3), 443-458. DOI 10.1007/s00180-010-0217-1. If you have questions, suggestions, or comments regarding the 'maxLik' package, please use a forum or 'tracker' at maxLik's R-Forge site: https://r-forge.r-project.org/projects/maxlik/ --- finished re-building ‘stochastic-gradient-maxLik.Rnw’ --- re-building ‘using-maxlik.Rnw’ using Sweave Loading required package: miscTools Please cite the 'maxLik' package as: Henningsen, Arne and Toomet, Ott (2011). maxLik: A package for maximum likelihood estimation in R. Computational Statistics 26(3), 443-458. DOI 10.1007/s00180-010-0217-1. If you have questions, suggestions, or comments regarding the 'maxLik' package, please use a forum or 'tracker' at maxLik's R-Forge site: https://r-forge.r-project.org/projects/maxlik/ Warning in dnorm(x, mean = mu, sd = sigma, log = TRUE) : NaNs produced Warning in dnorm(x, mean = mu, sd = sigma, log = TRUE) : NaNs produced Warning in dnorm(x, mean = mu, sd = sigma, log = TRUE) : NaNs produced Warning in dnorm(x, mean = mu, sd = sigma, log = TRUE) : NaNs produced Warning in dnorm(x, mean = mu, sd = sigma, log = TRUE) : NaNs produced Warning in dnorm(x, mean = mu, sd = sigma, log = TRUE) : NaNs produced Warning in dnorm(x, mean = mu, sd = sigma, log = TRUE) : NaNs produced Warning in dnorm(x, mean = mu, sd = sigma, log = TRUE) : NaNs produced Warning in dnorm(x, mean = mu, sd = sigma, log = TRUE) : NaNs produced Warning in dnorm(x, mean = mu, sd = sigma, log = TRUE) : NaNs produced Warning in dnorm(x, mean = mu, sd = sigma, log = TRUE) : NaNs produced Warning in dnorm(x, mean = mu, sd = sigma, log = TRUE) : NaNs produced Warning in dnorm(x, mean = mu, sd = sigma, log = TRUE) : NaNs produced Warning in dnorm(x, mean = mu, sd = sigma, log = TRUE) : NaNs produced Warning in dnorm(x, mean = mu, sd = sigma, log = TRUE) : NaNs produced Warning in dnorm(x, mean = mu, sd = sigma, log = TRUE) : NaNs produced Warning in dnorm(x, mean = mu, sd = sigma, log = TRUE) : NaNs produced Warning in dnorm(x, mean = mu, sd = sigma, log = TRUE) : NaNs produced Warning in dnorm(x, mean = mu, sd = sigma, log = TRUE) : NaNs produced Warning in dnorm(x, mean = mu, sd = sigma, log = TRUE) : NaNs produced Warning in dnorm(x, mean = mu, sd = sigma, log = TRUE) : NaNs produced Warning in dnorm(x, mean = mu, sd = sigma, log = TRUE) : NaNs produced Warning in dnorm(x, mean = mu, sd = sigma, log = TRUE) : NaNs produced Warning in sqrt(diag(vc)) : NaNs produced Warning in sqrt(diag(vc)) : NaNs produced Warning in dnorm(x, mean = mu, sd = sigma, log = TRUE) : NaNs produced Warning in dnorm(x, mean = mu, sd = sigma, log = TRUE) : NaNs produced Warning in dnorm(x, mean = mu, sd = sigma, log = TRUE) : NaNs produced Warning in dnorm(x, mean = mu, sd = sigma, log = TRUE) : NaNs produced Warning in dnorm(x, mean = mu, sd = sigma, log = TRUE) : NaNs produced Warning in dnorm(x, mean = mu, sd = sigma, log = TRUE) : NaNs produced Warning in dnorm(x, mean = mu, sd = sigma, log = TRUE) : NaNs produced Warning in dnorm(x, mean = mu, sd = sigma, log = TRUE) : NaNs produced Warning in dnorm(x, mean = mu, sd = sigma, log = TRUE) : NaNs produced Warning in dnorm(x, mean = mu, sd = sigma, log = TRUE) : NaNs produced Warning in dnorm(x, mean = mu, sd = sigma, log = TRUE) : NaNs produced Warning in dnorm(x, mean = mu, sd = sigma, log = TRUE) : NaNs produced Warning in dnorm(x, mean = mu, sd = sigma, log = TRUE) : NaNs produced Warning in dnorm(x, mean = mu, sd = sigma, log = TRUE) : NaNs produced Warning in dnorm(x, mean = mu, sd = sigma, log = TRUE) : NaNs produced Warning in dnorm(x, mean = mu, sd = sigma, log = TRUE) : NaNs produced Warning in dnorm(x, mean = mu, sd = sigma, log = TRUE) : NaNs produced Warning in dnorm(x, mean = mu, sd = sigma, log = TRUE) : NaNs produced Warning in dnorm(x, mean = mu, sd = sigma, log = TRUE) : NaNs produced Warning in dnorm(x, mean = mu, sd = sigma, log = TRUE) : NaNs produced Warning in dnorm(x, mean = mu, sd = sigma, log = TRUE) : NaNs produced Warning in dnorm(x, mean = mu, sd = sigma, log = TRUE) : NaNs produced Warning in dnorm(x, mean = mu, sd = sigma, log = TRUE) : NaNs produced Warning in dnorm(x, mean = mu, sd = sigma, log = TRUE) : NaNs produced Warning in dnorm(x, mean = mu, sd = sigma, log = TRUE) : NaNs produced Warning in dnorm(x, mean = mu, sd = sigma, log = TRUE) : NaNs produced Warning in sqrt(diag(vc)) : NaNs produced Warning in sqrt(diag(vc)) : NaNs produced Error: processing vignette 'using-maxlik.Rnw' failed with diagnostics: Running 'texi2dvi' on 'using-maxlik.tex' failed. LaTeX errors: !pdfTeX error: pdflatex (file bbm10): Font bbm10 at 600 not found ==> Fatal error occurred, no output PDF file produced! --- failed re-building ‘using-maxlik.Rnw’ SUMMARY: processing the following file failed: ‘using-maxlik.Rnw’ Error: Vignette re-building failed. Execution halted Flavor: r-release-macos-arm64

Version: 1.5-2.1
Check: re-building of vignette outputs
Result: NOTE Error(s) in re-building vignettes: --- re-building ‘intro-to-maximum-likelihood.Rnw’ using Sweave Loading required package: miscTools Please cite the 'maxLik' package as: Henningsen, Arne and Toomet, Ott (2011). maxLik: A package for maximum likelihood estimation in R. Computational Statistics 26(3), 443-458. DOI 10.1007/s00180-010-0217-1. If you have questions, suggestions, or comments regarding the 'maxLik' package, please use a forum or 'tracker' at maxLik's R-Forge site: https://r-forge.r-project.org/projects/maxlik/ Warning in log(sigma) : NaNs produced Loading required package: plot3D --- finished re-building ‘intro-to-maximum-likelihood.Rnw’ --- re-building ‘stochastic-gradient-maxLik.Rnw’ using Sweave Loading required package: miscTools Please cite the 'maxLik' package as: Henningsen, Arne and Toomet, Ott (2011). maxLik: A package for maximum likelihood estimation in R. Computational Statistics 26(3), 443-458. DOI 10.1007/s00180-010-0217-1. If you have questions, suggestions, or comments regarding the 'maxLik' package, please use a forum or 'tracker' at maxLik's R-Forge site: https://r-forge.r-project.org/projects/maxlik/ --- finished re-building ‘stochastic-gradient-maxLik.Rnw’ --- re-building ‘using-maxlik.Rnw’ using Sweave Loading required package: miscTools Please cite the 'maxLik' package as: Henningsen, Arne and Toomet, Ott (2011). maxLik: A package for maximum likelihood estimation in R. Computational Statistics 26(3), 443-458. DOI 10.1007/s00180-010-0217-1. If you have questions, suggestions, or comments regarding the 'maxLik' package, please use a forum or 'tracker' at maxLik's R-Forge site: https://r-forge.r-project.org/projects/maxlik/ Warning in dnorm(x, mean = mu, sd = sigma, log = TRUE) : NaNs produced Warning in dnorm(x, mean = mu, sd = sigma, log = TRUE) : NaNs produced Warning in dnorm(x, mean = mu, sd = sigma, log = TRUE) : NaNs produced Warning in dnorm(x, mean = mu, sd = sigma, log = TRUE) : NaNs produced Warning in dnorm(x, mean = mu, sd = sigma, log = TRUE) : NaNs produced Warning in dnorm(x, mean = mu, sd = sigma, log = TRUE) : NaNs produced Warning in dnorm(x, mean = mu, sd = sigma, log = TRUE) : NaNs produced Warning in dnorm(x, mean = mu, sd = sigma, log = TRUE) : NaNs produced Warning in dnorm(x, mean = mu, sd = sigma, log = TRUE) : NaNs produced Warning in dnorm(x, mean = mu, sd = sigma, log = TRUE) : NaNs produced Warning in dnorm(x, mean = mu, sd = sigma, log = TRUE) : NaNs produced Warning in dnorm(x, mean = mu, sd = sigma, log = TRUE) : NaNs produced Warning in dnorm(x, mean = mu, sd = sigma, log = TRUE) : NaNs produced Warning in dnorm(x, mean = mu, sd = sigma, log = TRUE) : NaNs produced Warning in dnorm(x, mean = mu, sd = sigma, log = TRUE) : NaNs produced Warning in dnorm(x, mean = mu, sd = sigma, log = TRUE) : NaNs produced Warning in dnorm(x, mean = mu, sd = sigma, log = TRUE) : NaNs produced Warning in dnorm(x, mean = mu, sd = sigma, log = TRUE) : NaNs produced Warning in dnorm(x, mean = mu, sd = sigma, log = TRUE) : NaNs produced Warning in dnorm(x, mean = mu, sd = sigma, log = TRUE) : NaNs produced Warning in dnorm(x, mean = mu, sd = sigma, log = TRUE) : NaNs produced Warning in dnorm(x, mean = mu, sd = sigma, log = TRUE) : NaNs produced Warning in dnorm(x, mean = mu, sd = sigma, log = TRUE) : NaNs produced Warning in sqrt(diag(vc)) : NaNs produced Warning in sqrt(diag(vc)) : NaNs produced Warning in dnorm(x, mean = mu, sd = sigma, log = TRUE) : NaNs produced Warning in dnorm(x, mean = mu, sd = sigma, log = TRUE) : NaNs produced Warning in dnorm(x, mean = mu, sd = sigma, log = TRUE) : NaNs produced Warning in dnorm(x, mean = mu, sd = sigma, log = TRUE) : NaNs produced Warning in dnorm(x, mean = mu, sd = sigma, log = TRUE) : NaNs produced Warning in dnorm(x, mean = mu, sd = sigma, log = TRUE) : NaNs produced Warning in dnorm(x, mean = mu, sd = sigma, log = TRUE) : NaNs produced Warning in dnorm(x, mean = mu, sd = sigma, log = TRUE) : NaNs produced Warning in dnorm(x, mean = mu, sd = sigma, log = TRUE) : NaNs produced Warning in dnorm(x, mean = mu, sd = sigma, log = TRUE) : NaNs produced Warning in dnorm(x, mean = mu, sd = sigma, log = TRUE) : NaNs produced Warning in dnorm(x, mean = mu, sd = sigma, log = TRUE) : NaNs produced Warning in dnorm(x, mean = mu, sd = sigma, log = TRUE) : NaNs produced Warning in dnorm(x, mean = mu, sd = sigma, log = TRUE) : NaNs produced Warning in dnorm(x, mean = mu, sd = sigma, log = TRUE) : NaNs produced Warning in dnorm(x, mean = mu, sd = sigma, log = TRUE) : NaNs produced Warning in dnorm(x, mean = mu, sd = sigma, log = TRUE) : NaNs produced Warning in dnorm(x, mean = mu, sd = sigma, log = TRUE) : NaNs produced Warning in dnorm(x, mean = mu, sd = sigma, log = TRUE) : NaNs produced Warning in dnorm(x, mean = mu, sd = sigma, log = TRUE) : NaNs produced Warning in dnorm(x, mean = mu, sd = sigma, log = TRUE) : NaNs produced Warning in dnorm(x, mean = mu, sd = sigma, log = TRUE) : NaNs produced Warning in dnorm(x, mean = mu, sd = sigma, log = TRUE) : NaNs produced Warning in dnorm(x, mean = mu, sd = sigma, log = TRUE) : NaNs produced Warning in dnorm(x, mean = mu, sd = sigma, log = TRUE) : NaNs produced Warning in dnorm(x, mean = mu, sd = sigma, log = TRUE) : NaNs produced Error: processing vignette 'using-maxlik.Rnw' failed with diagnostics: Running 'texi2dvi' on 'using-maxlik.tex' failed. LaTeX errors: !pdfTeX error: pdflatex (file bbm10): Font bbm10 at 600 not found ==> Fatal error occurred, no output PDF file produced! --- failed re-building ‘using-maxlik.Rnw’ SUMMARY: processing the following file failed: ‘using-maxlik.Rnw’ Error: Vignette re-building failed. Execution halted Flavor: r-oldrel-macos-arm64