CRAN Package Check Results for Package mbRes

Last updated on 2021-12-06 19:50:44 CET.

Flavor Version Tinstall Tcheck Ttotal Status Flags
r-devel-linux-x86_64-debian-clang 0.1.1 5.25 59.63 64.88 OK
r-devel-linux-x86_64-debian-gcc 0.1.1 4.47 45.58 50.05 OK
r-devel-linux-x86_64-fedora-clang 0.1.1 80.93 NOTE
r-devel-linux-x86_64-fedora-gcc 0.1.1 67.47 NOTE
r-devel-windows-x86_64-new-UL 0.1.1 13.00 91.00 104.00 OK
r-devel-windows-x86_64-new-TK 0.1.1 NOTE
r-devel-windows-x86_64-old 0.1.1 10.00 53.00 63.00 OK
r-patched-linux-x86_64 0.1.1 10.58 48.87 59.45 OK
r-release-linux-x86_64 0.1.1 5.76 55.82 61.58 OK
r-release-macos-arm64 0.1.1 NOTE
r-release-macos-x86_64 0.1.1 NOTE
r-release-windows-ix86+x86_64 0.1.1 14.00 71.00 85.00 OK
r-oldrel-macos-x86_64 0.1.0 OK
r-oldrel-windows-ix86+x86_64 0.1.0 12.00 59.00 71.00 OK

Check Details

Version: 0.1.1
Check: Rd cross-references
Result: NOTE
    Undeclared package ‘RProbSup’ in Rd xrefs
Flavor: r-devel-linux-x86_64-fedora-clang

Version: 0.1.1
Check: data for non-ASCII characters
Result: NOTE
     Note: found 2 marked UTF-8 strings
Flavors: r-devel-linux-x86_64-fedora-clang, r-devel-linux-x86_64-fedora-gcc, r-devel-windows-x86_64-new-TK, r-release-macos-arm64, r-release-macos-x86_64