CRAN Package Check Results for Package mbest

Last updated on 2024-02-28 19:49:40 CET.

Flavor Version Tinstall Tcheck Ttotal Status Flags
r-devel-linux-x86_64-debian-clang 0.6 12.28 290.14 302.42 NOTE
r-devel-linux-x86_64-debian-gcc 0.6 8.88 217.08 225.96 NOTE
r-devel-linux-x86_64-fedora-clang 0.6 355.19 NOTE
r-devel-linux-x86_64-fedora-gcc 0.6 347.52 NOTE
r-devel-windows-x86_64 0.6 14.00 217.00 231.00 NOTE
r-patched-linux-x86_64 0.6 18.18 278.41 296.59 NOTE
r-release-linux-x86_64 0.6 9.16 277.88 287.04 NOTE
r-release-macos-arm64 0.6 81.00 NOTE
r-release-macos-x86_64 0.6 136.00 NOTE
r-release-windows-x86_64 0.6 18.00 290.00 308.00 NOTE
r-oldrel-macos-arm64 0.6 65.00 NOTE
r-oldrel-windows-x86_64 0.6 17.00 221.00 238.00 NOTE

Check Details

Version: 0.6
Check: LazyData
Result: NOTE 'LazyData' is specified without a 'data' directory Flavors: r-devel-linux-x86_64-debian-clang, r-devel-linux-x86_64-debian-gcc, r-devel-linux-x86_64-fedora-clang, r-devel-linux-x86_64-fedora-gcc, r-devel-windows-x86_64, r-patched-linux-x86_64, r-release-linux-x86_64, r-release-macos-arm64, r-release-macos-x86_64, r-release-windows-x86_64, r-oldrel-macos-arm64, r-oldrel-windows-x86_64

Version: 0.6
Check: Rd cross-references
Result: NOTE Undeclared packages ‘logistf’, ‘brglm’ in Rd xrefs Flavor: r-devel-linux-x86_64-fedora-clang