CRAN Package Check Results for Package mcen

Last updated on 2022-01-25 19:50:37 CET.

Flavor Version Tinstall Tcheck Ttotal Status Flags
r-devel-linux-x86_64-debian-clang 1.2 9.06 99.39 108.45 OK
r-devel-linux-x86_64-debian-gcc 1.2 10.97 76.92 87.89 OK
r-devel-linux-x86_64-fedora-clang 1.2 128.61 OK
r-devel-linux-x86_64-fedora-gcc 1.2 125.75 OK
r-devel-windows-x86_64-new-UL 1.2 36.00 119.00 155.00 OK
r-devel-windows-x86_64-new-TK 1.2 ERROR
r-patched-linux-x86_64 1.2 12.16 91.52 103.68 OK
r-release-linux-x86_64 1.2 8.55 91.31 99.86 OK
r-release-macos-arm64 1.2 OK
r-release-macos-x86_64 1.2 OK
r-release-windows-ix86+x86_64 1.2 27.00 141.00 168.00 OK
r-oldrel-macos-x86_64 1.2 OK
r-oldrel-windows-ix86+x86_64 1.2 27.00 140.00 167.00 OK

Check Details

Version: 1.2
Check: package dependencies
Result: ERROR
    Package required but not available: 'faraway'
    
    See section 'The DESCRIPTION file' in the 'Writing R Extensions'
    manual.
Flavor: r-devel-windows-x86_64-new-TK