CRAN Package Check Results for Package mclcar

Last updated on 2021-09-21 21:50:48 CEST.

Flavor Version Tinstall Tcheck Ttotal Status Flags
r-devel-linux-x86_64-debian-clang 0.1-9 28.06 356.65 384.71 OK
r-devel-linux-x86_64-debian-gcc 0.1-9 20.80 262.93 283.73 OK
r-devel-linux-x86_64-fedora-clang 0.1-9 453.63 OK
r-devel-linux-x86_64-fedora-gcc 0.1-9 444.95 OK
r-devel-windows-x86_64 0.1-9 26.00 280.00 306.00 OK
r-devel-windows-x86_64-gcc10-UCRT 0.1-9 ERROR
r-patched-linux-x86_64 0.1-9 31.25 335.17 366.42 OK
r-patched-solaris-x86 0.1-9 652.10 OK
r-release-linux-x86_64 0.1-9 20.21 334.08 354.29 OK
r-release-macos-arm64 0.1-9 OK
r-release-macos-x86_64 0.1-9 OK
r-release-windows-ix86+x86_64 0.1-9 55.00 276.00 331.00 OK
r-oldrel-macos-x86_64 0.1-9 OK
r-oldrel-windows-ix86+x86_64 0.1-9 54.00 291.00 345.00 OK

Check Details

Version: 0.1-9
Check: whether package can be installed
Result: WARN
    Found the following significant warnings:
     WARNING: installation-time patches will not be applied, could not get the patches index
Flavor: r-devel-windows-x86_64-gcc10-UCRT

Version: 0.1-9
Check: PDF version of manual
Result: WARN
    LaTeX errors when creating PDF version.
    This typically indicates Rd problems.
Flavor: r-devel-windows-x86_64-gcc10-UCRT

Version: 0.1-9
Check: PDF version of manual without hyperrefs or index
Result: ERROR
    Re-running with no redirection of stdout/stderr.
Flavor: r-devel-windows-x86_64-gcc10-UCRT