CRAN Package Check Results for Package mcmcplots

Last updated on 2024-04-19 21:56:33 CEST.

Flavor Version Tinstall Tcheck Ttotal Status Flags
r-devel-linux-x86_64-debian-clang 0.4.3 3.72 44.42 48.14 NOTE
r-devel-linux-x86_64-debian-gcc 0.4.3 NOTE
r-devel-linux-x86_64-fedora-clang 0.4.3 61.83 NOTE
r-devel-linux-x86_64-fedora-gcc 0.4.3 60.60 NOTE
r-prerel-macos-arm64 0.4.3 22.00 NOTE
r-prerel-windows-x86_64 0.4.3 5.00 67.00 72.00 NOTE
r-patched-linux-x86_64 0.4.3 4.24 44.10 48.34 NOTE
r-release-linux-x86_64 0.4.3 3.29 45.73 49.02 NOTE
r-release-macos-arm64 0.4.3 23.00 NOTE
r-release-macos-x86_64 0.4.3 33.00 NOTE
r-release-windows-x86_64 0.4.3 5.00 68.00 73.00 NOTE
r-oldrel-macos-arm64 0.4.3 23.00 NOTE
r-oldrel-windows-x86_64 0.4.3 5.00 74.00 79.00 NOTE

Check Details

Version: 0.4.3
Check: LazyData
Result: NOTE 'LazyData' is specified without a 'data' directory Flavors: r-devel-linux-x86_64-debian-clang, r-devel-linux-x86_64-debian-gcc, r-devel-linux-x86_64-fedora-clang, r-devel-linux-x86_64-fedora-gcc, r-prerel-macos-arm64, r-prerel-windows-x86_64, r-patched-linux-x86_64, r-release-linux-x86_64, r-release-macos-arm64, r-release-macos-x86_64, r-release-windows-x86_64, r-oldrel-macos-arm64, r-oldrel-windows-x86_64