CRAN Package Check Results for Package mcmcsae

Last updated on 2023-01-29 19:54:09 CET.

Flavor Version Tinstall Tcheck Ttotal Status Flags
r-devel-linux-x86_64-debian-clang 0.7.1 96.37 314.87 411.24 WARN
r-devel-linux-x86_64-debian-gcc 0.7.1 86.45 230.00 316.45 WARN
r-devel-linux-x86_64-fedora-clang 0.7.1 546.74 WARN
r-devel-linux-x86_64-fedora-gcc 0.7.1 569.18 WARN
r-devel-windows-x86_64 0.7.1 132.00 387.00 519.00 NOTE
r-patched-linux-x86_64 0.7.1 100.69 298.42 399.11 OK
r-release-linux-x86_64 0.7.1 97.50 287.79 385.29 OK
r-release-macos-arm64 0.7.1 156.00 NOTE
r-release-macos-x86_64 0.7.1 180.00 NOTE
r-release-windows-x86_64 0.7.1 131.00 376.00 507.00 OK
r-oldrel-macos-arm64 0.7.1 147.00 NOTE
r-oldrel-macos-x86_64 0.7.1 183.00 NOTE
r-oldrel-windows-ix86+x86_64 0.7.1 245.00 504.00 749.00 OK

Check Details

Version: 0.7.1
Check: whether package can be installed
Result: WARN
    Found the following significant warnings:
     chMatrix.c:162:17: warning: a function declaration without a prototype is deprecated in all versions of C [-Wstrict-prototypes]
     mcmcsae_init.c:16:34: warning: a function declaration without a prototype is deprecated in all versions of C [-Wstrict-prototypes]
    See ‘/home/hornik/tmp/R.check/r-devel-clang/Work/PKGS/mcmcsae.Rcheck/00install.out’ for details.
    * used C compiler: ‘Debian clang version 15.0.6’
    * used C++ compiler: ‘Debian clang version 15.0.6’
Flavor: r-devel-linux-x86_64-debian-clang

Version: 0.7.1
Check: whether package can be installed
Result: WARN
    Found the following significant warnings:
     chMatrix.c:162:6: warning: function declaration isn’t a prototype [-Wstrict-prototypes]
     mcmcsae_init.c:16:1: warning: function declaration isn’t a prototype [-Wstrict-prototypes]
    See ‘/home/hornik/tmp/R.check/r-devel-gcc/Work/PKGS/mcmcsae.Rcheck/00install.out’ for details.
    * used C compiler: ‘gcc-12 (Debian 12.2.0-14) 12.2.0’
    * used C++ compiler: ‘g++-12 (Debian 12.2.0-14) 12.2.0’
Flavor: r-devel-linux-x86_64-debian-gcc

Version: 0.7.1
Check: C++ specification
Result: NOTE
     Specified C++11: please update to current default of C++17
Flavors: r-devel-linux-x86_64-debian-gcc, r-devel-linux-x86_64-fedora-clang, r-devel-linux-x86_64-fedora-gcc, r-devel-windows-x86_64

Version: 0.7.1
Check: whether package can be installed
Result: WARN
    Found the following significant warnings:
     chMatrix.c:162:17: warning: a function declaration without a prototype is deprecated in all versions of C [-Wstrict-prototypes]
     mcmcsae_init.c:16:34: warning: a function declaration without a prototype is deprecated in all versions of C [-Wstrict-prototypes]
    See ‘/data/gannet/ripley/R/packages/tests-clang/mcmcsae.Rcheck/00install.out’ for details.
    * used C compiler: ‘clang version 15.0.7’
    * used C++ compiler: ‘clang version 15.0.7’
Flavor: r-devel-linux-x86_64-fedora-clang

Version: 0.7.1
Check: whether package can be installed
Result: WARN
    Found the following significant warnings:
     chMatrix.c:162:6: warning: function declaration isn’t a prototype [-Wstrict-prototypes]
     mcmcsae_init.c:16:1: warning: function declaration isn’t a prototype [-Wstrict-prototypes]
    See ‘/data/gannet/ripley/R/packages/tests-devel/mcmcsae.Rcheck/00install.out’ for details.
    * used C compiler: ‘gcc (GCC) 12.2.1 20221121 (Red Hat 12.2.1-4)’
    * used C++ compiler: ‘g++ (GCC) 12.2.1 20221121 (Red Hat 12.2.1-4)’
Flavor: r-devel-linux-x86_64-fedora-gcc

Version: 0.7.1
Check: installed package size
Result: NOTE
     installed size is 15.1Mb
     sub-directories of 1Mb or more:
     libs 13.7Mb
Flavors: r-release-macos-arm64, r-release-macos-x86_64, r-oldrel-macos-arm64, r-oldrel-macos-x86_64