CRAN Package Check Results for Package mcmcse

Last updated on 2024-02-23 19:48:51 CET.

Flavor Version Tinstall Tcheck Ttotal Status Flags
r-devel-linux-x86_64-debian-clang 1.5-0 NOTE
r-devel-linux-x86_64-debian-gcc 1.5-0 115.36 45.21 160.57 NOTE
r-devel-linux-x86_64-fedora-clang 1.5-0 310.05 NOTE
r-devel-linux-x86_64-fedora-gcc 1.5-0 310.13 NOTE
r-devel-windows-x86_64 1.5-0 111.00 96.00 207.00 NOTE
r-patched-linux-x86_64 1.5-0 121.86 57.52 179.38 NOTE
r-release-linux-x86_64 1.5-0 140.42 58.07 198.49 NOTE
r-release-macos-arm64 1.5-0 76.00 NOTE
r-release-macos-x86_64 1.5-0 122.00 NOTE
r-release-windows-x86_64 1.5-0 141.00 103.00 244.00 NOTE
r-oldrel-macos-arm64 1.5-0 68.00 OK
r-oldrel-windows-x86_64 1.5-0 142.00 107.00 249.00 OK

Check Details

Version: 1.5-0
Check: C++ specification
Result: NOTE Specified C++11: please drop specification unless essential Flavors: r-devel-linux-x86_64-debian-clang, r-devel-linux-x86_64-debian-gcc, r-devel-linux-x86_64-fedora-clang, r-devel-linux-x86_64-fedora-gcc, r-devel-windows-x86_64, r-patched-linux-x86_64, r-release-linux-x86_64, r-release-macos-arm64, r-release-macos-x86_64, r-release-windows-x86_64

Version: 1.5-0
Check: Rd files
Result: NOTE checkRd: (-1) ess.Rd:14: Lost braces 14 | \code{g} should take a vector input only. Ifcode{g} is \code{NULL}, \code{g} is set to be identity, which is estimation | ^ Flavors: r-devel-linux-x86_64-debian-clang, r-devel-linux-x86_64-debian-gcc