CRAN Package Check Results for Package mdgc

Last updated on 2022-01-16 19:49:31 CET.

Flavor Version Tinstall Tcheck Ttotal Status Flags
r-devel-linux-x86_64-debian-clang 0.1.5 145.30 99.98 245.28 OK
r-devel-linux-x86_64-debian-gcc 0.1.5 109.71 69.88 179.59 OK
r-devel-linux-x86_64-fedora-clang 0.1.5 359.80 NOTE
r-devel-linux-x86_64-fedora-gcc 0.1.5 313.24 OK
r-devel-windows-x86_64-new-UL 0.1.5 125.00 142.00 267.00 OK
r-devel-windows-x86_64-new-TK 0.1.5 OK
r-patched-linux-x86_64 0.1.5 128.30 93.55 221.85 OK
r-release-linux-x86_64 0.1.5 OK
r-release-macos-arm64 0.1.5 NOTE
r-release-macos-x86_64 0.1.5 NOTE
r-release-windows-ix86+x86_64 0.1.5 345.00 215.00 560.00 OK
r-oldrel-macos-x86_64 0.1.5 NOTE
r-oldrel-windows-ix86+x86_64 0.1.5 348.00 202.00 550.00 OK

Check Details

Version: 0.1.5
Check: installed package size
Result: NOTE
     installed size is 10.4Mb
     sub-directories of 1Mb or more:
     libs 10.0Mb
Flavors: r-devel-linux-x86_64-fedora-clang, r-release-macos-arm64, r-release-macos-x86_64, r-oldrel-macos-x86_64