CRAN Package Check Results for Package mdmb

Last updated on 2024-03-02 19:50:22 CET.

Flavor Version Tinstall Tcheck Ttotal Status Flags
r-devel-linux-x86_64-debian-clang 1.8-7 86.01 150.24 236.25 NOTE
r-devel-linux-x86_64-debian-gcc 1.8-7 70.37 113.44 183.81 NOTE
r-devel-linux-x86_64-fedora-clang 1.8-7 324.15 NOTE
r-devel-linux-x86_64-fedora-gcc 1.8-7 323.39 NOTE
r-devel-windows-x86_64 1.8-7 66.00 135.00 201.00 OK
r-patched-linux-x86_64 1.8-7 79.56 149.32 228.88 OK
r-release-linux-x86_64 1.8-7 81.90 148.42 230.32 OK
r-release-macos-arm64 1.8-7 61.00 OK
r-release-macos-x86_64 1.8-7 101.00 OK
r-release-windows-x86_64 1.8-7 71.00 175.00 246.00 OK
r-oldrel-macos-arm64 1.8-7 49.00 OK
r-oldrel-windows-x86_64 1.8-7 89.00 163.00 252.00 OK

Check Details

Version: 1.8-7
Check: Rd files
Result: NOTE checkRd: (-1) data.mb.Rd:76: Lost braces 76 | level-1 variables code{y}, \code{x} and the level-2 variable \code{w}. | ^ Flavors: r-devel-linux-x86_64-debian-clang, r-devel-linux-x86_64-debian-gcc, r-devel-linux-x86_64-fedora-clang, r-devel-linux-x86_64-fedora-gcc