CRAN Package Check Results for Package melt

Last updated on 2024-03-02 19:50:22 CET.

Flavor Version Tinstall Tcheck Ttotal Status Flags
r-devel-linux-x86_64-debian-clang 1.11.0 355.93 359.96 715.89 OK
r-devel-linux-x86_64-debian-gcc 1.11.0 348.77 292.06 640.83 OK
r-devel-linux-x86_64-fedora-clang 1.11.1 1318.74 OK
r-devel-linux-x86_64-fedora-gcc 1.11.1 1359.52 OK
r-devel-windows-x86_64 1.11.0 230.00 420.00 650.00 OK
r-patched-linux-x86_64 1.11.0 381.46 372.90 754.36 OK
r-release-linux-x86_64 1.11.0 440.73 397.81 838.54 OK
r-release-macos-arm64 1.11.0 244.00 NOTE
r-release-macos-x86_64 1.11.1 663.00 NOTE
r-release-windows-x86_64 1.11.0 369.00 467.00 836.00 OK
r-oldrel-macos-arm64 1.11.0 232.00 NOTE
r-oldrel-windows-x86_64 1.11.1 227.00 526.00 753.00 OK

Check Details

Version: 1.11.0
Check: installed package size
Result: NOTE installed size is 123.9Mb sub-directories of 1Mb or more: libs 122.7Mb Flavors: r-release-macos-arm64, r-oldrel-macos-arm64

Version: 1.11.1
Check: installed package size
Result: NOTE installed size is 157.0Mb sub-directories of 1Mb or more: libs 155.5Mb Flavor: r-release-macos-x86_64