CRAN Package Check Results for Package memery

Last updated on 2023-06-07 22:02:48 CEST.

Flavor Version Tinstall Tcheck Ttotal Status Flags
r-devel-linux-x86_64-debian-clang 0.5.6 2.75 30.83 33.58 NOTE
r-devel-linux-x86_64-debian-gcc 0.5.6 2.26 24.48 26.74 NOTE
r-devel-linux-x86_64-fedora-clang 0.5.6 43.06 NOTE
r-devel-linux-x86_64-fedora-gcc 0.5.6 40.83 NOTE
r-devel-windows-x86_64 0.5.6 5.00 47.00 52.00 NOTE
r-patched-linux-x86_64 0.5.6 3.50 29.46 32.96 NOTE
r-release-linux-x86_64 0.5.6 2.15 29.33 31.48 NOTE
r-release-macos-arm64 0.5.6 19.00 NOTE
r-release-macos-x86_64 0.5.6 25.00 NOTE
r-release-windows-x86_64 0.5.6 6.00 50.00 56.00 NOTE
r-oldrel-macos-arm64 0.5.6 18.00 NOTE
r-oldrel-macos-x86_64 0.5.6 30.00 NOTE
r-oldrel-windows-x86_64 0.5.6 6.00 52.00 58.00 NOTE

Check Details

Version: 0.5.6
Check: LazyData
Result: NOTE
     'LazyData' is specified without a 'data' directory
Flavors: r-devel-linux-x86_64-debian-clang, r-devel-linux-x86_64-debian-gcc, r-devel-linux-x86_64-fedora-clang, r-devel-linux-x86_64-fedora-gcc, r-devel-windows-x86_64, r-patched-linux-x86_64, r-release-linux-x86_64, r-release-macos-arm64, r-release-macos-x86_64, r-release-windows-x86_64, r-oldrel-macos-arm64, r-oldrel-macos-x86_64, r-oldrel-windows-x86_64

Version: 0.5.6
Check: dependencies in R code
Result: NOTE
    Namespaces in Imports field not imported from:
     ‘colourpicker’ ‘shinyBS’ ‘shinycssloaders’
     All declared Imports should be used.
Flavors: r-devel-linux-x86_64-fedora-clang, r-devel-linux-x86_64-fedora-gcc, r-oldrel-macos-arm64, r-oldrel-macos-x86_64