Last updated on 2023-11-28 19:55:17 CET.
Flavor | Version | Tinstall | Tcheck | Ttotal | Status | Flags |
---|---|---|---|---|---|---|
r-devel-linux-x86_64-debian-clang | 1.1.1 | 6.46 | 137.17 | 143.63 | NOTE | |
r-devel-linux-x86_64-debian-gcc | 1.1.1 | 3.92 | 97.94 | 101.86 | NOTE | |
r-devel-linux-x86_64-fedora-clang | 1.1.1 | 182.12 | NOTE | |||
r-devel-linux-x86_64-fedora-gcc | 1.1.1 | 181.71 | NOTE | |||
r-devel-windows-x86_64 | 1.1.1 | 7.00 | 123.00 | 130.00 | NOTE | |
r-patched-linux-x86_64 | 1.1.1 | 5.30 | 132.15 | 137.45 | NOTE | |
r-release-linux-x86_64 | 1.1.1 | 3.51 | 130.82 | 134.33 | NOTE | |
r-release-macos-arm64 | 1.1.1 | 59.00 | NOTE | |||
r-release-macos-x86_64 | 1.1.1 | 95.00 | NOTE | |||
r-release-windows-x86_64 | 1.1.1 | 9.00 | 142.00 | 151.00 | NOTE | |
r-oldrel-macos-arm64 | 1.1.1 | 49.00 | NOTE | |||
r-oldrel-macos-x86_64 | 1.1.1 | 86.00 | NOTE | |||
r-oldrel-windows-x86_64 | 1.1.1 | 8.00 | 138.00 | 146.00 | NOTE |
Version: 1.1.1
Check: LazyData
Result: NOTE
'LazyData' is specified without a 'data' directory
Flavors: r-devel-linux-x86_64-debian-clang, r-devel-linux-x86_64-debian-gcc, r-devel-linux-x86_64-fedora-clang, r-devel-linux-x86_64-fedora-gcc, r-devel-windows-x86_64, r-patched-linux-x86_64, r-release-linux-x86_64, r-release-macos-arm64, r-release-macos-x86_64, r-release-windows-x86_64, r-oldrel-macos-arm64, r-oldrel-macos-x86_64, r-oldrel-windows-x86_64
Version: 1.1.1
Check: dependencies in R code
Result: NOTE
Namespace in Imports field not imported from: ‘urca’
All declared Imports should be used.
Flavors: r-devel-linux-x86_64-fedora-clang, r-devel-linux-x86_64-fedora-gcc, r-oldrel-macos-arm64, r-oldrel-macos-x86_64