CRAN Package Check Results for Package meshed

Last updated on 2024-03-02 19:50:22 CET.

Flavor Version Tinstall Tcheck Ttotal Status Flags
r-devel-linux-x86_64-debian-clang 0.2.3 417.31 156.70 574.01 NOTE
r-devel-linux-x86_64-debian-gcc 0.2.3 343.46 175.34 518.80 NOTE
r-devel-linux-x86_64-fedora-clang 0.2.3 881.78 NOTE
r-devel-linux-x86_64-fedora-gcc 0.2.3 930.85 NOTE
r-devel-windows-x86_64 0.2.3 318.00 145.00 463.00 NOTE
r-patched-linux-x86_64 0.2.3 416.98 196.93 613.91 NOTE
r-release-linux-x86_64 0.2.3 434.75 209.39 644.14 NOTE
r-release-macos-arm64 0.2.3 215.00 NOTE
r-release-macos-x86_64 0.2.3 308.00 NOTE
r-release-windows-x86_64 0.2.3 396.00 177.00 573.00 NOTE
r-oldrel-macos-arm64 0.2.3 164.00 NOTE
r-oldrel-windows-x86_64 0.2.3 386.00 170.00 556.00 OK

Check Details

Version: 0.2.3
Check: C++ specification
Result: NOTE Specified C++11: please drop specification unless essential Flavors: r-devel-linux-x86_64-debian-clang, r-devel-linux-x86_64-debian-gcc, r-devel-linux-x86_64-fedora-clang, r-devel-linux-x86_64-fedora-gcc, r-devel-windows-x86_64, r-patched-linux-x86_64, r-release-linux-x86_64, r-release-macos-arm64, r-release-macos-x86_64, r-release-windows-x86_64

Version: 0.2.3
Check: installed package size
Result: NOTE installed size is 22.2Mb sub-directories of 1Mb or more: libs 21.1Mb Flavors: r-release-macos-arm64, r-release-macos-x86_64, r-oldrel-macos-arm64