CRAN Package Check Results for Package meshed

Last updated on 2021-12-04 19:53:01 CET.

Flavor Version Tinstall Tcheck Ttotal Status Flags
r-devel-linux-x86_64-debian-clang 0.1.4 374.90 201.11 576.01 OK
r-devel-linux-x86_64-debian-gcc 0.1.4 263.30 183.18 446.48 OK
r-devel-linux-x86_64-fedora-clang 0.1.4 869.40 NOTE
r-devel-linux-x86_64-fedora-gcc 0.1.4 822.88 OK
r-devel-windows-x86_64-new-UL 0.1.4 451.00 312.00 763.00 OK
r-devel-windows-x86_64-new-TK 0.1.4 OK
r-devel-windows-x86_64-old 0.1.4 463.00 142.00 605.00 OK
r-patched-linux-x86_64 0.1.4 324.45 210.67 535.12 OK
r-release-linux-x86_64 0.1.4 315.92 211.08 527.00 OK
r-release-macos-arm64 0.1.4 NOTE
r-release-macos-x86_64 0.1.4 NOTE
r-release-windows-ix86+x86_64 0.1.4 907.00 250.00 1157.00 NOTE
r-oldrel-macos-x86_64 0.1.4 NOTE
r-oldrel-windows-ix86+x86_64 0.1.4 902.00 233.00 1135.00 NOTE

Check Details

Version: 0.1.4
Check: installed package size
Result: NOTE
     installed size is 19.2Mb
     sub-directories of 1Mb or more:
     libs 18.0Mb
Flavors: r-devel-linux-x86_64-fedora-clang, r-release-macos-arm64, r-release-macos-x86_64, r-release-windows-ix86+x86_64, r-oldrel-macos-x86_64, r-oldrel-windows-ix86+x86_64